CRAN Package Check Results for Package spatialwidget

Last updated on 2019-09-23 12:48:05 CEST.

Flavor Version Tinstall Tcheck Ttotal Status Flags
r-devel-linux-x86_64-debian-clang 0.2 170.35 29.04 199.39 OK
r-devel-linux-x86_64-debian-gcc 0.2 207.35 23.25 230.60 OK
r-devel-linux-x86_64-fedora-clang 0.2 297.91 NOTE
r-devel-linux-x86_64-fedora-gcc 0.2 483.54 OK
r-devel-windows-ix86+x86_64 0.2 434.00 79.00 513.00 NOTE
r-patched-linux-x86_64 0.2 209.76 28.23 237.99 OK
r-patched-solaris-x86 0.2 250.40 OK
r-release-linux-x86_64 0.2 212.07 28.56 240.63 OK
r-release-windows-ix86+x86_64 0.2 443.00 94.00 537.00 NOTE
r-release-osx-x86_64 0.2 NOTE
r-oldrel-windows-ix86+x86_64 0.2 322.00 72.00 394.00 NOTE
r-oldrel-osx-x86_64 0.2 NOTE

Check Details

Version: 0.2
Check: installed package size
Result: NOTE
     installed size is 18.7Mb
     sub-directories of 1Mb or more:
     doc 1.2Mb
     libs 17.1Mb
Flavors: r-devel-linux-x86_64-fedora-clang, r-devel-windows-ix86+x86_64, r-release-windows-ix86+x86_64, r-release-osx-x86_64, r-oldrel-windows-ix86+x86_64, r-oldrel-osx-x86_64