CRAN Package Check Results for Package spatialwidget

Last updated on 2020-02-24 14:48:18 CET.

Flavor Version Tinstall Tcheck Ttotal Status Flags
r-devel-linux-x86_64-debian-clang 0.2 188.91 32.37 221.28 ERROR
r-devel-linux-x86_64-debian-gcc 0.2 211.23 26.05 237.28 OK
r-devel-linux-x86_64-fedora-clang 0.2 319.26 NOTE
r-devel-linux-x86_64-fedora-gcc 0.2 507.22 OK
r-devel-windows-ix86+x86_64 0.2 327.00 78.00 405.00 NOTE
r-devel-windows-ix86+x86_64-gcc8 0.2 472.00 82.00 554.00 NOTE
r-patched-linux-x86_64 0.2 OK
r-patched-solaris-x86 0.2 263.80 OK
r-release-linux-x86_64 0.2 223.03 29.63 252.66 OK
r-release-windows-ix86+x86_64 0.2 338.00 75.00 413.00 NOTE
r-release-osx-x86_64 0.2 NOTE
r-oldrel-windows-ix86+x86_64 0.2 400.00 77.00 477.00 NOTE
r-oldrel-osx-x86_64 0.2 NOTE

Check Details

Version: 0.2
Check: tests
Result: ERROR
     Running 'testthat.R' [2s/3s]
    Running the tests in 'tests/testthat.R' failed.
    Complete output:
     > library(testthat)
     > library(spatialwidget)
     >
     > test_check("spatialwidget")
     -- 1. Failure: legends are formatted (@test-legends.R#28) ---------------------
     as.character(res$legend) not equal to "{\"fill_colour\":{\"colour\":[\"#440154FF\",\"#31688EFF\",\"#35B779FF\",\"#FDE725FF\"],\"variable\":[\"1.00\",\"2.00\",\"3.00\",\"4.00\"],\"colourType\":[\"fill_colour\"],\"type\":[\"gradient\"],\"title\":[\"col\"],\"css\":[\"\"]}}".
     1/1 mismatches
     x[1]: "{\"fill_colour\":{\"colour\":[\"#440154FF\",\"#31688EFF\",\"#35B779FF\",\
     x[1]: "#FDE725FF\"],\"variable\":[\"a\",\"b\",\"c\",\"d\"],\"colourType\":[\"fil
     x[1]: l_colour\"],\"type\":[\"category\"],\"title\":[\"col\"],\"css\":[\"\"]}}"
     y[1]: "{\"fill_colour\":{\"colour\":[\"#440154FF\",\"#31688EFF\",\"#35B779FF\",\
     y[1]: "#FDE725FF\"],\"variable\":[\"1.00\",\"2.00\",\"3.00\",\"4.00\"],\"colourT
     y[1]: ype\":[\"fill_colour\"],\"type\":[\"gradient\"],\"title\":[\"col\"],\"css\
     y[1]: ":[\"\"]}}"
    
     == testthat results ===========================================================
     [ OK: 75 | SKIPPED: 0 | WARNINGS: 0 | FAILED: 1 ]
     1. Failure: legends are formatted (@test-legends.R#28)
    
     Error: testthat unit tests failed
     Execution halted
Flavor: r-devel-linux-x86_64-debian-clang

Version: 0.2
Check: installed package size
Result: NOTE
     installed size is 18.8Mb
     sub-directories of 1Mb or more:
     doc 1.2Mb
     libs 17.2Mb
Flavors: r-devel-linux-x86_64-fedora-clang, r-devel-windows-ix86+x86_64, r-devel-windows-ix86+x86_64-gcc8, r-release-windows-ix86+x86_64, r-release-osx-x86_64, r-oldrel-windows-ix86+x86_64, r-oldrel-osx-x86_64