CRAN Package Check Results for Package spatstat.geom

Last updated on 2021-05-08 20:49:22 CEST.

Flavor Version Tinstall Tcheck Ttotal Status Flags
r-devel-linux-x86_64-debian-clang 2.1-0 59.70 347.10 406.80 OK
r-devel-linux-x86_64-debian-gcc 2.1-0 48.57 259.63 308.20 OK
r-devel-linux-x86_64-fedora-clang 2.1-0 497.14 OK
r-devel-linux-x86_64-fedora-gcc 2.1-0 485.90 OK
r-devel-windows-ix86+x86_64 2.1-0 99.00 5.00 104.00 ERROR
r-devel-windows-x86_64-gcc10-UCRT 2.1-0 OK
r-patched-linux-x86_64 2.1-0 67.46 332.60 400.06 OK
r-patched-solaris-x86 2.1-0 583.00 OK
r-release-linux-x86_64 2.1-0 57.46 319.98 377.44 OK
r-release-macos-x86_64 2.1-0 OK
r-release-windows-ix86+x86_64 2.1-0 104.00 479.00 583.00 OK
r-oldrel-macos-x86_64 2.1-0 NOTE
r-oldrel-windows-ix86+x86_64 2.1-0 131.00 483.00 614.00 OK

Check Details

Version: 2.1-0
Check: whether package can be installed
Result: ERROR
    Installation failed.
Flavor: r-devel-windows-ix86+x86_64

Version: 2.1-0
Check: dependencies in R code
Result: NOTE
    No protocol specified
    No protocol specified
Flavor: r-oldrel-macos-x86_64