CRAN Package Check Results for Package spatstat.geom

Last updated on 2022-01-28 04:49:24 CET.

Flavor Version Tinstall Tcheck Ttotal Status Flags
r-devel-linux-x86_64-debian-clang 2.3-1 61.52 353.85 415.37 OK
r-devel-linux-x86_64-debian-gcc 2.3-1 51.49 267.54 319.03 OK
r-devel-linux-x86_64-fedora-clang 2.3-1 513.34 OK
r-devel-linux-x86_64-fedora-gcc 2.3-1 500.80 OK
r-devel-windows-x86_64-new-UL 2.3-1 1424.00 490.00 1914.00 OK
r-devel-windows-x86_64-new-TK 2.3-1 OK
r-patched-linux-x86_64 2.3-1 76.33 348.50 424.83 OK
r-release-linux-x86_64 2.3-1 57.64 346.00 403.64 OK
r-release-macos-arm64 2.3-1 NOTE
r-release-macos-x86_64 2.3-1 OK
r-release-windows-ix86+x86_64 2.3-1 134.00 651.00 785.00 OK
r-oldrel-macos-x86_64 2.3-1 OK
r-oldrel-windows-ix86+x86_64 2.3-1 133.00 666.00 799.00 OK

Check Details

Version: 2.3-1
Check: installed package size
Result: NOTE
     installed size is 5.1Mb
     sub-directories of 1Mb or more:
     R 2.1Mb
     help 1.9Mb
Flavor: r-release-macos-arm64