CRAN Package Check Results for Package spatstat

Last updated on 2018-12-19 09:48:14 CET.

Flavor Version Tinstall Tcheck Ttotal Status Flags
r-devel-linux-x86_64-debian-clang 1.57-1 143.94 882.12 1026.06 OK --no-tests
r-devel-linux-x86_64-debian-gcc 1.57-1 122.83 658.47 781.30 OK --no-tests
r-devel-linux-x86_64-fedora-clang 1.57-1 1769.76 NOTE
r-devel-linux-x86_64-fedora-gcc 1.57-1 1725.40 OK
r-devel-windows-ix86+x86_64 1.57-1 276.00 611.00 887.00 NOTE --no-examples --no-tests --no-vignettes
r-patched-linux-x86_64 1.57-1 139.15 811.72 950.87 OK --no-tests
r-patched-solaris-x86 1.57-1 2434.00 NOTE
r-release-linux-x86_64 1.57-1 136.66 815.60 952.26 OK --no-tests
r-release-windows-ix86+x86_64 1.57-1 292.00 394.00 686.00 NOTE --no-examples --no-tests --no-vignettes
r-release-osx-x86_64 1.57-1 NOTE
r-oldrel-windows-ix86+x86_64 1.57-1 302.00 622.00 924.00 NOTE --no-examples --no-tests --no-vignettes
r-oldrel-osx-x86_64 1.57-1 NOTE

Check Details

Version: 1.57-1
Check: installed package size
Result: NOTE
     installed size is 18.4Mb
     sub-directories of 1Mb or more:
     R 5.1Mb
     doc 5.4Mb
     help 5.0Mb
     libs 1.9Mb
Flavors: r-devel-linux-x86_64-fedora-clang, r-patched-solaris-x86, r-release-osx-x86_64, r-oldrel-osx-x86_64

Version: 1.57-1
Flags: --no-examples --no-tests --no-vignettes
Check: installed package size
Result: NOTE
     installed size is 17.6Mb
     sub-directories of 1Mb or more:
     R 5.1Mb
     doc 5.3Mb
     help 5.1Mb
     libs 1.2Mb
Flavors: r-devel-windows-ix86+x86_64, r-release-windows-ix86+x86_64, r-oldrel-windows-ix86+x86_64

Version: 1.57-1
Check: package dependencies
Result: NOTE
    Package suggested but not available for checking: ‘rpanel’
Flavor: r-release-osx-x86_64