CRAN Package Check Results for Package spatstat.random

Last updated on 2022-11-26 10:58:11 CET.

Flavor Version Tinstall Tcheck Ttotal Status Flags
r-devel-linux-x86_64-debian-clang 3.0-1 28.10 174.16 202.26 NOTE
r-devel-linux-x86_64-debian-gcc 3.0-1 28.60 130.77 159.37 NOTE
r-devel-linux-x86_64-fedora-clang 3.0-1 262.14 NOTE
r-devel-linux-x86_64-fedora-gcc 3.0-1 260.57 NOTE
r-devel-windows-x86_64 3.0-1 212.00 227.00 439.00 OK
r-patched-linux-x86_64 3.0-1 NOTE
r-release-linux-x86_64 3.0-1 29.19 158.56 187.75 NOTE
r-release-macos-arm64 3.0-1 92.00 NOTE
r-release-macos-x86_64 3.0-1 101.00 NOTE
r-release-windows-x86_64 3.0-1 182.00 230.00 412.00 OK
r-oldrel-macos-arm64 3.0-1 93.00 NOTE
r-oldrel-macos-x86_64 3.0-1 106.00 NOTE
r-oldrel-windows-ix86+x86_64 3.0-1 87.00 283.00 370.00 OK

Check Details

Version: 3.0-1
Check: package dependencies
Result: NOTE
    Package suggested but not available for checking: 'RandomFields'
Flavors: r-devel-linux-x86_64-debian-clang, r-devel-linux-x86_64-debian-gcc, r-devel-linux-x86_64-fedora-clang, r-devel-linux-x86_64-fedora-gcc, r-patched-linux-x86_64, r-release-linux-x86_64

Version: 3.0-1
Check: Rd cross-references
Result: NOTE
    Package unavailable to check Rd xrefs: 'RandomFields'
Flavors: r-devel-linux-x86_64-debian-clang, r-devel-linux-x86_64-debian-gcc, r-devel-linux-x86_64-fedora-clang, r-devel-linux-x86_64-fedora-gcc, r-patched-linux-x86_64, r-release-linux-x86_64

Version: 3.0-1
Check: package dependencies
Result: NOTE
    Packages suggested but not available for checking:
     'spatstat.explore', 'spatstat.model'
Flavors: r-release-macos-arm64, r-release-macos-x86_64, r-oldrel-macos-arm64, r-oldrel-macos-x86_64

Version: 3.0-1
Check: Rd cross-references
Result: NOTE
    Packages unavailable to check Rd xrefs: ‘spatstat.model’, ‘spatstat.explore’
Flavors: r-release-macos-arm64, r-release-macos-x86_64, r-oldrel-macos-arm64, r-oldrel-macos-x86_64