Last updated on 2023-09-28 10:56:57 CEST.
Flavor | Version | Tinstall | Tcheck | Ttotal | Status | Flags |
---|---|---|---|---|---|---|
r-devel-linux-x86_64-debian-clang | 3.1-6 | 37.14 | 184.61 | 221.75 | NOTE | |
r-devel-linux-x86_64-debian-gcc | 3.1-6 | 35.00 | 137.04 | 172.04 | NOTE | |
r-devel-linux-x86_64-fedora-clang | 3.1-6 | 286.59 | NOTE | |||
r-devel-linux-x86_64-fedora-gcc | 3.1-6 | 295.10 | NOTE | |||
r-devel-windows-x86_64 | 3.1-6 | 44.00 | 186.00 | 230.00 | NOTE | |
r-patched-linux-x86_64 | 3.1-6 | 44.29 | 181.54 | 225.83 | NOTE | |
r-release-linux-x86_64 | 3.1-6 | 46.66 | 183.61 | 230.27 | NOTE | |
r-release-macos-arm64 | 3.1-6 | 119.00 | NOTE | |||
r-release-macos-x86_64 | 3.1-6 | 184.00 | NOTE | |||
r-release-windows-x86_64 | 3.1-6 | 56.00 | 229.00 | 285.00 | NOTE | |
r-oldrel-macos-arm64 | 3.1-6 | 77.00 | OK | |||
r-oldrel-macos-x86_64 | 3.1-6 | 106.00 | OK | |||
r-oldrel-windows-x86_64 | 3.1-6 | 52.00 | 212.00 | 264.00 | NOTE |
Version: 3.1-6
Check: package dependencies
Result: NOTE
Packages suggested but not available for checking:
'RandomFields', 'RandomFieldsUtils'
Flavors: r-devel-linux-x86_64-debian-clang, r-devel-linux-x86_64-debian-gcc, r-devel-linux-x86_64-fedora-clang, r-devel-linux-x86_64-fedora-gcc, r-devel-windows-x86_64, r-patched-linux-x86_64, r-release-linux-x86_64, r-release-macos-arm64, r-release-macos-x86_64, r-release-windows-x86_64, r-oldrel-windows-x86_64
Version: 3.1-6
Check: Rd cross-references
Result: NOTE
Package unavailable to check Rd xrefs: ‘RandomFields’
Flavors: r-devel-linux-x86_64-debian-clang, r-devel-linux-x86_64-debian-gcc, r-devel-linux-x86_64-fedora-clang, r-devel-linux-x86_64-fedora-gcc, r-devel-windows-x86_64, r-patched-linux-x86_64, r-release-linux-x86_64, r-release-macos-arm64, r-release-macos-x86_64, r-release-windows-x86_64, r-oldrel-windows-x86_64