CRAN Package Check Results for Package spatsurv

Last updated on 2018-08-18 12:50:24 CEST.

Flavor Version Tinstall Tcheck Ttotal Status Flags
r-devel-linux-x86_64-debian-clang 1.2 30.02 288.81 318.83 OK
r-devel-linux-x86_64-debian-gcc 1.2 23.34 233.04 256.38 OK
r-devel-linux-x86_64-fedora-clang 1.2 374.35 OK
r-devel-linux-x86_64-fedora-gcc 1.2 381.54 OK
r-devel-windows-ix86+x86_64 1.2 59.00 385.00 444.00 OK
r-patched-linux-x86_64 1.2 26.25 247.09 273.34 OK
r-patched-solaris-x86 1.2 491.00 OK
r-release-linux-x86_64 1.2 25.24 242.70 267.94 OK
r-release-windows-ix86+x86_64 1.2 36.00 323.00 359.00 OK
r-release-osx-x86_64 1.2 OK
r-oldrel-windows-ix86+x86_64 1.2 26.00 350.00 376.00 OK
r-oldrel-osx-x86_64 1.2 WARN

Check Details

Version: 1.2
Check: whether package can be installed
Result: WARN
    Found the following significant warnings:
     Warning: 'rgl_init' failed, running with rgl.useNULL = TRUE
Flavor: r-oldrel-osx-x86_64