CRAN Package Check Results for Package spatsurv

Last updated on 2018-10-24 03:55:43 CEST.

Flavor Version Tinstall Tcheck Ttotal Status Flags
r-devel-linux-x86_64-debian-clang 1.2 29.64 303.12 332.76 OK
r-devel-linux-x86_64-debian-gcc 1.2 28.42 240.64 269.06 OK
r-devel-linux-x86_64-fedora-clang 1.2 398.09 OK
r-devel-linux-x86_64-fedora-gcc 1.2 379.80 OK
r-devel-windows-ix86+x86_64 1.2 62.00 383.00 445.00 OK
r-patched-linux-x86_64 1.2 28.32 249.04 277.36 OK
r-patched-solaris-x86 1.2 508.20 OK
r-release-linux-x86_64 1.2 27.19 247.76 274.95 ERROR
r-release-windows-ix86+x86_64 1.2 60.00 339.00 399.00 OK
r-release-osx-x86_64 1.2 OK
r-oldrel-windows-ix86+x86_64 1.2 29.00 276.00 305.00 OK
r-oldrel-osx-x86_64 1.2 WARN

Check Details

Version: 1.2
Check: package dependencies
Result: ERROR
    Package required but not available: ‘rgl’
    
    See section ‘The DESCRIPTION file’ in the ‘Writing R Extensions’
    manual.
Flavor: r-release-linux-x86_64

Version: 1.2
Check: whether package can be installed
Result: WARN
    Found the following significant warnings:
     Warning: 'rgl_init' failed, running with rgl.useNULL = TRUE
Flavor: r-oldrel-osx-x86_64