CRAN Package Check Results for Package spatsurv

Last updated on 2019-02-22 22:55:19 CET.

Flavor Version Tinstall Tcheck Ttotal Status Flags
r-devel-linux-x86_64-debian-clang 1.2 27.90 265.55 293.45 OK
r-devel-linux-x86_64-debian-gcc 1.2 25.11 207.82 232.93 OK
r-devel-linux-x86_64-fedora-clang 1.2 376.80 OK
r-devel-linux-x86_64-fedora-gcc 1.2 342.16 OK
r-devel-windows-ix86+x86_64 1.2 50.00 323.00 373.00 OK
r-patched-linux-x86_64 1.2 28.97 250.51 279.48 OK
r-patched-solaris-x86 1.2 519.50 OK
r-release-linux-x86_64 1.2 OK
r-release-windows-ix86+x86_64 1.2 44.00 278.00 322.00 OK
r-release-osx-x86_64 1.2 OK
r-oldrel-windows-ix86+x86_64 1.2 29.00 287.00 316.00 OK
r-oldrel-osx-x86_64 1.2 WARN

Check Details

Version: 1.2
Check: whether package can be installed
Result: WARN
    Found the following significant warnings:
     Warning: 'rgl_init' failed, running with rgl.useNULL = TRUE
Flavor: r-oldrel-osx-x86_64