CRAN Package Check Results for Package spbabel

Last updated on 2024-02-25 16:52:00 CET.

Flavor Version Tinstall Tcheck Ttotal Status Flags
r-devel-linux-x86_64-debian-clang 0.6.0 8.47 98.89 107.36 OK
r-devel-linux-x86_64-debian-gcc 0.6.0 6.84 74.47 81.31 OK
r-devel-linux-x86_64-fedora-clang 0.6.0 127.46 NOTE
r-devel-linux-x86_64-fedora-gcc 0.6.0 126.87 OK
r-devel-windows-x86_64 0.6.0 9.00 87.00 96.00 OK
r-patched-linux-x86_64 0.6.0 7.98 93.56 101.54 OK
r-release-linux-x86_64 0.6.0 8.01 93.88 101.89 OK
r-release-macos-arm64 0.6.0 40.00 OK
r-release-macos-x86_64 0.6.0 64.00 OK
r-release-windows-x86_64 0.6.0 12.00 104.00 116.00 OK
r-oldrel-macos-arm64 0.6.0 47.00 OK
r-oldrel-windows-x86_64 0.6.0 13.00 110.00 123.00 OK

Check Details

Version: 0.6.0
Check: Rd cross-references
Result: NOTE Undeclared package ‘vctrs’ in Rd xrefs Flavor: r-devel-linux-x86_64-fedora-clang