CRAN Package Check Results for Package spdynmod

Last updated on 2019-02-17 22:46:50 CET.

Flavor Version Tinstall Tcheck Ttotal Status Flags
r-devel-linux-x86_64-debian-clang 1.1.3 5.30 71.96 77.26 OK
r-devel-linux-x86_64-debian-gcc 1.1.3 4.83 58.98 63.81 OK
r-devel-linux-x86_64-fedora-clang 1.1.3 12.84 ERROR
r-devel-linux-x86_64-fedora-gcc 1.1.3 92.18 OK
r-devel-windows-ix86+x86_64 1.1.3 14.00 78.00 92.00 OK
r-patched-linux-x86_64 1.1.3 5.06 69.94 75.00 OK
r-patched-solaris-x86 1.1.3 138.20 OK
r-release-linux-x86_64 1.1.3 OK
r-release-windows-ix86+x86_64 1.1.3 7.00 108.00 115.00 OK
r-release-osx-x86_64 1.1.3 OK
r-oldrel-windows-ix86+x86_64 1.1.3 12.00 85.00 97.00 OK
r-oldrel-osx-x86_64 1.1.3 OK

Check Details

Version: 1.1.3
Check: whether package can be installed
Result: ERROR
    Installation failed.
Flavor: r-devel-linux-x86_64-fedora-clang