CRAN Package Check Results for Package speciesgeocodeR

Last updated on 2018-08-21 10:50:44 CEST.

Flavor Version Tinstall Tcheck Ttotal Status Flags
r-release-osx-x86_64 1.0-4 OK
r-oldrel-osx-x86_64 1.0-4 NOTE

Check Details

Version: 1.0-4
Check: package dependencies
Result: NOTE
    Package suggested but not available for checking: ‘rgbif’
Flavor: r-oldrel-osx-x86_64