CRAN Package Check Results for Package speciesgeocodeR

Last updated on 2018-05-23 13:49:02 CEST.

Flavor Version Tinstall Tcheck Ttotal Status Flags
r-devel-linux-x86_64-debian-clang 1.0-4 6.91 80.11 87.02 ERROR
r-devel-linux-x86_64-debian-gcc 1.0-4 5.90 60.91 66.81 ERROR
r-devel-linux-x86_64-fedora-clang 1.0-4 149.09 OK
r-devel-linux-x86_64-fedora-gcc 1.0-4 144.05 OK
r-devel-windows-ix86+x86_64 1.0-4 15.00 137.00 152.00 OK
r-patched-linux-x86_64 1.0-4 5.46 73.97 79.43 ERROR
r-patched-solaris-x86 1.0-4 160.50 OK
r-release-linux-x86_64 1.0-4 6.36 71.83 78.19 ERROR
r-release-windows-ix86+x86_64 1.0-4 14.00 100.00 114.00 OK
r-release-osx-x86_64 1.0-4 OK
r-oldrel-windows-ix86+x86_64 1.0-4 12.00 95.00 107.00 OK
r-oldrel-osx-x86_64 1.0-4 NOTE

Check Details

Version: 1.0-4
Check: examples
Result: ERROR
    Running examples in ‘speciesgeocodeR-Ex.R’ failed
    The error most likely occurred in:
    
    > base::assign(".ptime", proc.time(), pos = "CheckExEnv")
    > ### Name: CalcRange
    > ### Title: Calculate the Extent of Occurrence
    > ### Aliases: CalcRange
    > ### Keywords: spatial
    >
    > ### ** Examples
    >
    > data(lemurs)
    > CalcRange(lemurs)
    Warning in CalcRange(lemurs) :
     177 points were excluded due to duplicated coordinate
    Warning in CalcRange(lemurs) :
     the following species have less than 3 occurrence, values set to NA:
     Daubentonia madagascariensis
     Eulemur collaris
     Eulemur rufifrons
     Eulemur rufus
     Eulemur sanfordi
     Lepilemur septentrionalis
     Microcebus griseorufus
     Microcebus lehilahytsara
     Microcebus ravelobensis
     Propithecus candidus
     Propithecus coronatus
     Propithecus deckenii
     Propithecus tattersalli
    Error in if (value == "area") { : the condition has length > 1
    Calls: CalcRange
    Execution halted
Flavors: r-devel-linux-x86_64-debian-clang, r-devel-linux-x86_64-debian-gcc, r-patched-linux-x86_64, r-release-linux-x86_64

Version: 1.0-4
Check: package dependencies
Result: NOTE
    Package suggested but not available for checking: ‘rgbif’
Flavors: r-devel-linux-x86_64-debian-gcc, r-oldrel-osx-x86_64