CRAN Package Check Results for Package spectralGraphTopology

Last updated on 2021-04-23 08:47:40 CEST.

Flavor Version Tinstall Tcheck Ttotal Status Flags
r-devel-linux-x86_64-debian-clang 0.2.0 53.69 53.88 107.57 NOTE
r-devel-linux-x86_64-debian-gcc 0.2.0 34.70 39.76 74.46 NOTE
r-devel-linux-x86_64-fedora-clang 0.2.0 166.39 NOTE
r-devel-linux-x86_64-fedora-gcc 0.2.0 134.92 NOTE
r-devel-windows-ix86+x86_64 0.2.0 131.00 144.00 275.00 NOTE
r-devel-windows-x86_64-gcc10-UCRT 0.2.0 ERROR
r-patched-linux-x86_64 0.2.0 46.80 49.27 96.07 NOTE
r-patched-solaris-x86 0.2.0 165.50 OK
r-release-linux-x86_64 0.2.0 44.19 54.51 98.70 OK
r-release-macos-x86_64 0.2.0 NOTE
r-release-windows-ix86+x86_64 0.2.0 132.00 102.00 234.00 NOTE
r-oldrel-macos-x86_64 0.2.0 NOTE
r-oldrel-windows-ix86+x86_64 0.2.0 108.00 99.00 207.00 NOTE

Check Details

Version: 0.2.0
Check: LazyData
Result: NOTE
     'LazyData' is specified without a 'data' directory
Flavors: r-devel-linux-x86_64-debian-clang, r-devel-linux-x86_64-debian-gcc, r-devel-linux-x86_64-fedora-clang, r-devel-linux-x86_64-fedora-gcc, r-devel-windows-ix86+x86_64, r-devel-windows-x86_64-gcc10-UCRT, r-patched-linux-x86_64

Version: 0.2.0
Check: installed package size
Result: NOTE
     installed size is 6.1Mb
     sub-directories of 1Mb or more:
     doc 3.1Mb
     libs 2.6Mb
Flavors: r-devel-linux-x86_64-fedora-clang, r-devel-windows-ix86+x86_64, r-release-macos-x86_64, r-release-windows-ix86+x86_64, r-oldrel-macos-x86_64, r-oldrel-windows-ix86+x86_64

Version: 0.2.0
Check: package dependencies
Result: NOTE
    Package suggested but not available for checking: 'clusterSim'
Flavor: r-devel-windows-x86_64-gcc10-UCRT

Version: 0.2.0
Check: examples
Result: ERROR
    Running examples in 'spectralGraphTopology-Ex.R' failed
    The error most likely occurred in:
    
    > ### Name: cluster_k_component_graph
    > ### Title: Cluster a k-component graph from data using the Constrained
    > ### Laplacian Rank algorithm Cluster a k-component graph on the basis of
    > ### an observed data matrix. Check out
    > ### https://mirca.github.io/spectralGraphTopology for code examples.
    > ### Aliases: cluster_k_component_graph
    >
    > ### ** Examples
    >
    > library(clusterSim)
    Error in library(clusterSim) : there is no package called 'clusterSim'
    Execution halted
Flavor: r-devel-windows-x86_64-gcc10-UCRT