CRAN Package Check Results for Package speechbr

Last updated on 2024-02-24 19:50:54 CET.

Flavor Version Tinstall Tcheck Ttotal Status Flags
r-devel-linux-x86_64-debian-clang 2.0.0 2.93 30.98 33.91 OK
r-devel-linux-x86_64-debian-gcc 2.0.0 2.64 24.58 27.22 OK
r-devel-linux-x86_64-fedora-clang 2.0.0 43.03 NOTE
r-devel-linux-x86_64-fedora-gcc 2.0.0 44.00 NOTE
r-devel-windows-x86_64 2.0.0 4.00 52.00 56.00 OK
r-patched-linux-x86_64 2.0.0 3.04 30.84 33.88 OK
r-release-linux-x86_64 2.0.0 2.24 30.34 32.58 OK
r-release-macos-arm64 2.0.0 23.00 OK
r-release-macos-x86_64 2.0.0 34.00 OK
r-release-windows-x86_64 2.0.0 6.00 52.00 58.00 OK
r-oldrel-macos-arm64 2.0.0 17.00 NOTE
r-oldrel-windows-x86_64 2.0.0 5.00 55.00 60.00 OK

Check Details

Version: 2.0.0
Check: dependencies in R code
Result: NOTE Namespaces in Imports field not imported from: ‘glue’ ‘httptest’ All declared Imports should be used. Flavors: r-devel-linux-x86_64-fedora-clang, r-devel-linux-x86_64-fedora-gcc, r-oldrel-macos-arm64