CRAN Package Check Results for Package spind

Last updated on 2020-02-24 13:47:30 CET.

Flavor Version Tinstall Tcheck Ttotal Status Flags
r-devel-linux-x86_64-debian-clang 2.2.0 9.55 146.85 156.40 OK
r-devel-linux-x86_64-debian-gcc 2.2.0 9.01 110.50 119.51 OK
r-devel-linux-x86_64-fedora-clang 2.2.0 193.90 WARN
r-devel-linux-x86_64-fedora-gcc 2.2.0 179.73 OK
r-devel-windows-ix86+x86_64 2.2.0 21.00 155.00 176.00 OK
r-devel-windows-ix86+x86_64-gcc8 2.2.0 29.00 155.00 184.00 OK
r-patched-linux-x86_64 2.2.0 OK
r-patched-solaris-x86 2.2.0 285.80 OK
r-release-linux-x86_64 2.2.0 9.55 132.93 142.48 OK
r-release-windows-ix86+x86_64 2.2.0 13.00 135.00 148.00 OK
r-release-osx-x86_64 2.2.0 OK
r-oldrel-windows-ix86+x86_64 2.2.0 12.00 143.00 155.00 OK
r-oldrel-osx-x86_64 2.2.0 OK

Check Details

Version: 2.2.0
Check: package dependencies
Result: WARN
    Requires orphaned package: ‘waveslim’
Flavor: r-devel-linux-x86_64-fedora-clang