CRAN Package Check Results for Package spinifex

Last updated on 2019-09-15 08:47:30 CEST.

Flavor Version Tinstall Tcheck Ttotal Status Flags
r-devel-linux-x86_64-debian-clang 0.1.0 2.47 37.58 40.05 OK
r-devel-linux-x86_64-debian-gcc 0.1.0 2.28 29.67 31.95 OK
r-devel-linux-x86_64-fedora-clang 0.1.0 48.28 NOTE
r-devel-linux-x86_64-fedora-gcc 0.1.0 45.80 NOTE
r-devel-windows-ix86+x86_64 0.1.0 14.00 51.00 65.00 OK
r-patched-linux-x86_64 0.1.0 2.43 36.37 38.80 OK
r-patched-solaris-x86 0.1.0 68.50 NOTE
r-release-linux-x86_64 0.1.0 2.43 36.97 39.40 OK
r-release-windows-ix86+x86_64 0.1.0 4.00 52.00 56.00 OK
r-release-osx-x86_64 0.1.0 NOTE
r-oldrel-windows-ix86+x86_64 0.1.0 8.00 55.00 63.00 OK
r-oldrel-osx-x86_64 0.1.0 NOTE

Check Details

Version: 0.1.0
Check: dependencies in R code
Result: NOTE
    Namespaces in Imports field not imported from:
     ‘GGally’ ‘tibble’ ‘webshot’
     All declared Imports should be used.
Flavors: r-devel-linux-x86_64-fedora-clang, r-devel-linux-x86_64-fedora-gcc, r-patched-solaris-x86, r-release-osx-x86_64, r-oldrel-osx-x86_64

Version: 0.1.0
Check: package dependencies
Result: NOTE
    Package suggested but not available for checking: ‘gifski’
Flavor: r-patched-solaris-x86