CRAN Package Check Results for Package spiritR

Last updated on 2023-11-29 23:02:51 CET.

Flavor Version Tinstall Tcheck Ttotal Status Flags
r-devel-linux-x86_64-debian-clang 0.1.1 2.60 26.82 29.42 NOTE
r-devel-linux-x86_64-debian-gcc 0.1.1 2.12 21.22 23.34 NOTE
r-devel-linux-x86_64-fedora-clang 0.1.1 38.07 NOTE
r-devel-linux-x86_64-fedora-gcc 0.1.1 47.80 NOTE
r-devel-windows-x86_64 0.1.1 3.00 46.00 49.00 NOTE
r-patched-linux-x86_64 0.1.1 2.67 26.38 29.05 NOTE
r-release-linux-x86_64 0.1.1 2.73 26.29 29.02 NOTE
r-release-macos-arm64 0.1.1 27.00 NOTE
r-release-macos-x86_64 0.1.1 35.00 NOTE
r-release-windows-x86_64 0.1.1 4.00 45.00 49.00 NOTE
r-oldrel-macos-arm64 0.1.1 16.00 NOTE
r-oldrel-macos-x86_64 0.1.1 24.00 NOTE
r-oldrel-windows-x86_64 0.1.1 4.00 49.00 53.00 NOTE

Check Details

Version: 0.1.1
Check: LazyData
Result: NOTE 'LazyData' is specified without a 'data' directory Flavors: r-devel-linux-x86_64-debian-clang, r-devel-linux-x86_64-debian-gcc, r-devel-linux-x86_64-fedora-clang, r-devel-linux-x86_64-fedora-gcc, r-devel-windows-x86_64, r-patched-linux-x86_64, r-release-linux-x86_64, r-release-macos-arm64, r-release-macos-x86_64, r-release-windows-x86_64, r-oldrel-macos-arm64, r-oldrel-macos-x86_64, r-oldrel-windows-x86_64