CRAN Package Check Results for Package splitTools

Last updated on 2021-04-14 16:47:42 CEST.

Flavor Version Tinstall Tcheck Ttotal Status Flags
r-devel-linux-x86_64-debian-clang 0.3.1 1.81 44.09 45.90 NOTE
r-devel-linux-x86_64-debian-gcc 0.3.1 1.43 33.85 35.28 NOTE
r-devel-linux-x86_64-fedora-clang 0.3.1 62.52 NOTE
r-devel-linux-x86_64-fedora-gcc 0.3.1 51.62 NOTE
r-devel-windows-ix86+x86_64 0.3.1 6.00 50.00 56.00 NOTE
r-devel-windows-x86_64-gcc10-UCRT 0.3.1 NOTE
r-patched-linux-x86_64 0.3.1 1.83 41.18 43.01 OK
r-patched-solaris-x86 0.3.1 247.60 OK
r-release-linux-x86_64 0.3.1 1.88 41.37 43.25 OK
r-release-macos-x86_64 0.3.1 OK
r-release-windows-ix86+x86_64 0.3.1 5.00 68.00 73.00 OK
r-oldrel-macos-x86_64 0.3.1 OK
r-oldrel-windows-ix86+x86_64 0.3.1 4.00 38.00 42.00 OK

Check Details

Version: 0.3.1
Check: LazyData
Result: NOTE
     'LazyData' is specified without a 'data' directory
Flavors: r-devel-linux-x86_64-debian-clang, r-devel-linux-x86_64-debian-gcc, r-devel-linux-x86_64-fedora-clang, r-devel-linux-x86_64-fedora-gcc, r-devel-windows-ix86+x86_64, r-devel-windows-x86_64-gcc10-UCRT