CRAN Package Check Results for Package splitstackshape

Last updated on 2021-04-15 02:47:54 CEST.

Flavor Version Tinstall Tcheck Ttotal Status Flags
r-devel-linux-x86_64-debian-clang 1.4.8 3.03 38.22 41.25 OK
r-devel-linux-x86_64-debian-gcc 1.4.8 2.36 28.90 31.26 OK
r-devel-linux-x86_64-fedora-clang 1.4.8 58.54 NOTE
r-devel-linux-x86_64-fedora-gcc 1.4.8 47.47 OK
r-devel-windows-ix86+x86_64 1.4.8 7.00 53.00 60.00 OK
r-devel-windows-x86_64-gcc10-UCRT 1.4.8 OK
r-patched-linux-x86_64 1.4.8 3.00 35.23 38.23 OK
r-patched-solaris-x86 1.4.8 72.70 OK
r-release-linux-x86_64 1.4.8 3.06 35.91 38.97 OK
r-release-macos-x86_64 1.4.8 OK
r-release-windows-ix86+x86_64 1.4.8 6.00 58.00 64.00 OK
r-oldrel-macos-x86_64 1.4.8 OK
r-oldrel-windows-ix86+x86_64 1.4.8 6.00 42.00 48.00 OK

Check Details

Version: 1.4.8
Check: Rd cross-references
Result: NOTE
    Undeclared packages ‘reshape2’, ‘sampling’, ‘dplyr’ in Rd xrefs
Flavor: r-devel-linux-x86_64-fedora-clang