CRAN Package Check Results for Package spm

Last updated on 2018-05-21 05:51:55 CEST.

Flavor Version Tinstall Tcheck Ttotal Status Flags
r-devel-linux-x86_64-debian-clang 1.1.0 4.72 30.62 35.34 OK
r-devel-linux-x86_64-debian-gcc 1.1.0 5.86 27.69 33.55 OK
r-devel-linux-x86_64-fedora-clang 1.1.0 49.88 NOTE
r-devel-linux-x86_64-fedora-gcc 1.1.0 48.51 NOTE
r-devel-windows-ix86+x86_64 1.1.0 9.00 66.00 75.00 OK
r-patched-linux-x86_64 1.1.0 5.12 32.57 37.69 OK
r-patched-solaris-x86 1.1.0 68.40 NOTE
r-release-linux-x86_64 1.1.0 5.04 32.65 37.69 OK
r-release-windows-ix86+x86_64 1.1.0 10.00 58.00 68.00 OK
r-release-osx-x86_64 1.1.0 NOTE
r-oldrel-windows-ix86+x86_64 1.1.0 8.00 44.00 52.00 OK
r-oldrel-osx-x86_64 1.1.0 NOTE

Check Details

Version: 1.1.0
Check: dependencies in R code
Result: NOTE
    Namespace in Imports field not imported from: ‘biomod2’
     All declared Imports should be used.
Flavors: r-devel-linux-x86_64-fedora-clang, r-devel-linux-x86_64-fedora-gcc, r-patched-solaris-x86, r-release-osx-x86_64, r-oldrel-osx-x86_64