CRAN Package Check Results for Package spm

Last updated on 2019-02-19 22:51:50 CET.

Flavor Version Tinstall Tcheck Ttotal Status Flags
r-devel-linux-x86_64-debian-clang 1.1.1 7.26 34.51 41.77 OK
r-devel-linux-x86_64-debian-gcc 1.1.1 5.28 27.74 33.02 OK
r-devel-linux-x86_64-fedora-clang 1.1.1 50.55 NOTE
r-devel-linux-x86_64-fedora-gcc 1.1.1 51.82 NOTE
r-devel-windows-ix86+x86_64 1.1.1 14.00 48.00 62.00 OK
r-patched-linux-x86_64 1.1.1 6.66 32.61 39.27 OK
r-patched-solaris-x86 1.1.1 72.10 NOTE
r-release-linux-x86_64 1.1.1 6.90 32.73 39.63 OK
r-release-windows-ix86+x86_64 1.1.1 8.00 60.00 68.00 OK
r-release-osx-x86_64 1.1.1 NOTE
r-oldrel-windows-ix86+x86_64 1.1.1 8.00 68.00 76.00 OK
r-oldrel-osx-x86_64 1.1.1 NOTE

Check Details

Version: 1.1.1
Check: dependencies in R code
Result: NOTE
    Namespace in Imports field not imported from: ‘biomod2’
     All declared Imports should be used.
Flavors: r-devel-linux-x86_64-fedora-clang, r-devel-linux-x86_64-fedora-gcc, r-patched-solaris-x86, r-release-osx-x86_64, r-oldrel-osx-x86_64