Last updated on 2021-04-14 08:48:33 CEST.
Flavor | Version | Tinstall | Tcheck | Ttotal | Status | Flags |
---|---|---|---|---|---|---|
r-devel-linux-x86_64-debian-clang | 1.2.0 | 7.95 | 41.74 | 49.69 | OK | |
r-devel-linux-x86_64-debian-gcc | 1.2.0 | 6.55 | 31.96 | 38.51 | OK | |
r-devel-linux-x86_64-fedora-clang | 1.2.0 | 68.62 | NOTE | |||
r-devel-linux-x86_64-fedora-gcc | 1.2.0 | 58.45 | NOTE | |||
r-devel-windows-ix86+x86_64 | 1.2.0 | 16.00 | 64.00 | 80.00 | OK | |
r-devel-windows-x86_64-gcc10-UCRT | 1.2.0 | NOTE | ||||
r-patched-linux-x86_64 | 1.2.0 | 6.85 | 39.22 | 46.07 | OK | |
r-patched-solaris-x86 | 1.2.0 | 87.30 | NOTE | |||
r-release-linux-x86_64 | 1.2.0 | 7.80 | 38.73 | 46.53 | OK | |
r-release-macos-x86_64 | 1.2.0 | NOTE | ||||
r-release-windows-ix86+x86_64 | 1.2.0 | 16.00 | 58.00 | 74.00 | OK | |
r-oldrel-macos-x86_64 | 1.2.0 | NOTE | ||||
r-oldrel-windows-ix86+x86_64 | 1.2.0 | 9.00 | 42.00 | 51.00 | OK |
Version: 1.2.0
Check: dependencies in R code
Result: NOTE
Namespace in Imports field not imported from: ‘biomod2’
All declared Imports should be used.
Flavors: r-devel-linux-x86_64-fedora-clang, r-devel-linux-x86_64-fedora-gcc, r-devel-windows-x86_64-gcc10-UCRT, r-patched-solaris-x86, r-release-macos-x86_64, r-oldrel-macos-x86_64