CRAN Package Check Results for Package spm

Last updated on 2018-11-15 14:47:32 CET.

Flavor Version Tinstall Tcheck Ttotal Status Flags
r-devel-linux-x86_64-debian-clang 1.1.1 5.37 35.46 40.83 OK
r-devel-linux-x86_64-debian-gcc 1.1.1 5.24 29.27 34.51 OK
r-devel-linux-x86_64-fedora-clang 1.1.1 50.15 NOTE
r-devel-linux-x86_64-fedora-gcc 1.1.1 48.30 NOTE
r-devel-windows-ix86+x86_64 1.1.1 10.00 52.00 62.00 OK
r-patched-linux-x86_64 1.1.1 6.73 32.83 39.56 OK
r-patched-solaris-x86 1.1.1 69.00 NOTE
r-release-linux-x86_64 1.1.1 6.24 32.69 38.93 OK
r-release-windows-ix86+x86_64 1.1.1 13.00 76.00 89.00 OK
r-release-osx-x86_64 1.1.1 NOTE
r-oldrel-windows-ix86+x86_64 1.1.1 13.00 47.00 60.00 OK
r-oldrel-osx-x86_64 1.1.1 NOTE

Check Details

Version: 1.1.1
Check: dependencies in R code
Result: NOTE
    Namespace in Imports field not imported from: ‘biomod2’
     All declared Imports should be used.
Flavors: r-devel-linux-x86_64-fedora-clang, r-devel-linux-x86_64-fedora-gcc, r-patched-solaris-x86, r-release-osx-x86_64, r-oldrel-osx-x86_64