CRAN Package Check Results for Package spmoran

Last updated on 2021-05-16 21:47:56 CEST.

Flavor Version Tinstall Tcheck Ttotal Status Flags
r-devel-linux-x86_64-debian-clang 0.2.1 32.00 240.89 272.89 NOTE
r-devel-linux-x86_64-debian-gcc 0.2.1 26.33 178.23 204.56 NOTE
r-devel-linux-x86_64-fedora-clang 0.2.1 330.85 NOTE
r-devel-linux-x86_64-fedora-gcc 0.2.1 322.33 NOTE
r-devel-windows-ix86+x86_64 0.2.1 66.00 187.00 253.00 NOTE
r-devel-windows-x86_64-gcc10-UCRT 0.2.1 NOTE
r-patched-linux-x86_64 0.2.1 28.19 227.61 255.80 NOTE
r-patched-solaris-x86 0.2.1 443.00 NOTE
r-release-linux-x86_64 0.2.1 31.58 218.49 250.07 OK
r-release-macos-x86_64 0.2.1 OK
r-release-windows-ix86+x86_64 0.2.1 42.00 189.00 231.00 OK
r-oldrel-macos-x86_64 0.2.1 OK
r-oldrel-windows-ix86+x86_64 0.2.1 39.00 243.00 282.00 OK

Check Details

Version: 0.2.1
Check: LazyData
Result: NOTE
     'LazyData' is specified without a 'data' directory
Flavors: r-devel-linux-x86_64-debian-clang, r-devel-linux-x86_64-debian-gcc, r-devel-linux-x86_64-fedora-clang, r-devel-linux-x86_64-fedora-gcc, r-devel-windows-ix86+x86_64, r-devel-windows-x86_64-gcc10-UCRT, r-patched-linux-x86_64, r-patched-solaris-x86