CRAN Package Check Results for Package spocc

Last updated on 2022-09-30 16:51:18 CEST.

Flavor Version Tinstall Tcheck Ttotal Status Flags
r-devel-linux-x86_64-debian-clang 1.2.0 17.86 98.46 116.32 NOTE
r-devel-linux-x86_64-debian-gcc 1.2.0 11.80 71.26 83.06 NOTE
r-devel-linux-x86_64-fedora-clang 1.2.0 147.32 NOTE
r-devel-linux-x86_64-fedora-gcc 1.2.0 136.88 NOTE
r-devel-windows-x86_64 1.2.0 47.00 129.00 176.00 NOTE
r-patched-linux-x86_64 1.2.0 19.77 91.64 111.41 NOTE
r-release-linux-x86_64 1.2.0 15.54 88.68 104.22 NOTE
r-release-macos-arm64 1.2.0 36.00 NOTE
r-release-macos-x86_64 1.2.0 75.00 NOTE
r-release-windows-x86_64 1.2.0 43.00 117.00 160.00 NOTE
r-oldrel-macos-arm64 1.2.0 45.00 NOTE
r-oldrel-macos-x86_64 1.2.0 79.00 NOTE
r-oldrel-windows-ix86+x86_64 1.2.0 26.00 113.00 139.00 NOTE

Check Details

Version: 1.2.0
Check: LazyData
Result: NOTE
     'LazyData' is specified without a 'data' directory
Flavors: r-devel-linux-x86_64-debian-clang, r-devel-linux-x86_64-debian-gcc, r-devel-linux-x86_64-fedora-clang, r-devel-linux-x86_64-fedora-gcc, r-devel-windows-x86_64, r-patched-linux-x86_64, r-release-linux-x86_64, r-release-macos-arm64, r-release-macos-x86_64, r-release-windows-x86_64, r-oldrel-macos-arm64, r-oldrel-macos-x86_64, r-oldrel-windows-ix86+x86_64