CRAN Package Check Results for Package spotoroo

Last updated on 2024-02-22 06:51:55 CET.

Flavor Version Tinstall Tcheck Ttotal Status Flags
r-devel-linux-x86_64-debian-clang 0.1.4 OK
r-devel-linux-x86_64-debian-gcc 0.1.4 3.40 66.92 70.32 OK
r-devel-linux-x86_64-fedora-clang 0.1.4 113.63 NOTE
r-devel-linux-x86_64-fedora-gcc 0.1.4 122.34 NOTE
r-devel-windows-x86_64 0.1.4 5.00 88.00 93.00 OK
r-patched-linux-x86_64 0.1.4 3.64 88.12 91.76 OK
r-release-linux-x86_64 0.1.4 2.85 87.00 89.85 OK
r-release-macos-arm64 0.1.4 43.00 OK
r-release-macos-x86_64 0.1.4 90.00 OK
r-release-windows-x86_64 0.1.4 7.00 111.00 118.00 OK
r-oldrel-macos-arm64 0.1.4 43.00 OK
r-oldrel-windows-x86_64 0.1.4 7.00 106.00 113.00 OK

Check Details

Version: 0.1.4
Check: dependencies in R code
Result: NOTE Namespace in Imports field not imported from: ‘utils’ All declared Imports should be used. Flavors: r-devel-linux-x86_64-fedora-clang, r-devel-linux-x86_64-fedora-gcc