CRAN Package Check Results for Package sppmix

Last updated on 2020-05-25 17:48:08 CEST.

Flavor Version Tinstall Tcheck Ttotal Status Flags
r-devel-linux-x86_64-debian-clang 1.0.2 186.70 140.26 326.96 NOTE
r-devel-linux-x86_64-debian-gcc 1.0.2 146.08 106.39 252.47 NOTE
r-devel-linux-x86_64-fedora-clang 1.0.2 436.91 NOTE
r-devel-linux-x86_64-fedora-gcc 1.0.2 415.22 NOTE
r-devel-windows-ix86+x86_64 1.0.2 450.00 321.00 771.00 NOTE
r-patched-linux-x86_64 1.0.2 158.26 137.21 295.47 NOTE
r-patched-solaris-x86 1.0.2 415.40 NOTE
r-release-linux-x86_64 1.0.2 154.43 137.24 291.67 NOTE
r-release-osx-x86_64 1.0.2 NOTE
r-release-windows-ix86+x86_64 1.0.2 432.00 300.00 732.00 NOTE
r-oldrel-osx-x86_64 1.0.2 WARN
r-oldrel-windows-ix86+x86_64 1.0.2 327.00 221.00 548.00 NOTE

Check Details

Version: 1.0.2
Check: line endings in C/C++/Fortran sources/headers
Result: NOTE
    Found the following sources/headers with CR or CRLF line endings:
     inst/include/sppmix.h
    Some Unix compilers require LF line endings.
Flavors: r-devel-linux-x86_64-debian-clang, r-devel-linux-x86_64-debian-gcc, r-devel-linux-x86_64-fedora-clang, r-devel-linux-x86_64-fedora-gcc, r-devel-windows-ix86+x86_64, r-patched-linux-x86_64, r-patched-solaris-x86, r-release-linux-x86_64, r-release-osx-x86_64, r-release-windows-ix86+x86_64, r-oldrel-osx-x86_64, r-oldrel-windows-ix86+x86_64

Version: 1.0.2
Check: installed package size
Result: NOTE
     installed size is 16.6Mb
     sub-directories of 1Mb or more:
     data 5.4Mb
     libs 10.4Mb
Flavors: r-devel-linux-x86_64-fedora-clang, r-devel-windows-ix86+x86_64, r-patched-solaris-x86, r-release-osx-x86_64, r-release-windows-ix86+x86_64, r-oldrel-osx-x86_64, r-oldrel-windows-ix86+x86_64

Version: 1.0.2
Check: data for non-ASCII characters
Result: NOTE
     Note: found 17 marked UTF-8 strings
Flavors: r-devel-linux-x86_64-fedora-clang, r-devel-linux-x86_64-fedora-gcc, r-patched-solaris-x86, r-release-osx-x86_64, r-oldrel-osx-x86_64

Version: 1.0.2
Check: whether package can be installed
Result: WARN
    Found the following significant warnings:
     Warning: 'rgl_init' failed, running with rgl.useNULL = TRUE
Flavor: r-oldrel-osx-x86_64