CRAN Package Check Results for Package sppmix

Last updated on 2019-11-19 08:47:34 CET.

Flavor Version Tinstall Tcheck Ttotal Status Flags
r-devel-linux-x86_64-debian-clang 1.0.2 170.40 125.10 295.50 NOTE
r-devel-linux-x86_64-debian-gcc 1.0.2 132.90 98.93 231.83 NOTE
r-devel-linux-x86_64-fedora-clang 1.0.2 386.82 NOTE
r-devel-linux-x86_64-fedora-gcc 1.0.2 389.18 NOTE
r-devel-windows-ix86+x86_64 1.0.2 420.00 215.00 635.00 NOTE
r-devel-windows-ix86+x86_64-gcc8 1.0.2 347.00 212.00 559.00 NOTE
r-patched-linux-x86_64 1.0.2 137.09 114.97 252.06 NOTE
r-patched-solaris-x86 1.0.2 392.80 NOTE
r-release-linux-x86_64 1.0.2 137.24 118.37 255.61 NOTE
r-release-windows-ix86+x86_64 1.0.2 249.00 288.00 537.00 NOTE
r-release-osx-x86_64 1.0.2 WARN
r-oldrel-windows-ix86+x86_64 1.0.2 230.00 288.00 518.00 NOTE
r-oldrel-osx-x86_64 1.0.2 NOTE

Check Details

Version: 1.0.2
Check: line endings in C/C++/Fortran sources/headers
Result: NOTE
    Found the following sources/headers with CR or CRLF line endings:
     inst/include/sppmix.h
    Some Unix compilers require LF line endings.
Flavors: r-devel-linux-x86_64-debian-clang, r-devel-linux-x86_64-debian-gcc, r-devel-linux-x86_64-fedora-clang, r-devel-linux-x86_64-fedora-gcc, r-devel-windows-ix86+x86_64, r-devel-windows-ix86+x86_64-gcc8, r-patched-linux-x86_64, r-patched-solaris-x86, r-release-linux-x86_64, r-release-windows-ix86+x86_64, r-release-osx-x86_64

Version: 1.0.2
Check: installed package size
Result: NOTE
     installed size is 15.3Mb
     sub-directories of 1Mb or more:
     data 5.4Mb
     libs 9.2Mb
Flavors: r-devel-linux-x86_64-fedora-clang, r-devel-windows-ix86+x86_64, r-devel-windows-ix86+x86_64-gcc8, r-patched-solaris-x86, r-release-windows-ix86+x86_64, r-release-osx-x86_64, r-oldrel-windows-ix86+x86_64, r-oldrel-osx-x86_64

Version: 1.0.2
Check: data for non-ASCII characters
Result: NOTE
     Note: found 17 marked UTF-8 strings
Flavors: r-devel-linux-x86_64-fedora-clang, r-devel-linux-x86_64-fedora-gcc, r-patched-solaris-x86, r-release-osx-x86_64, r-oldrel-osx-x86_64

Version: 1.0.2
Check: whether package can be installed
Result: WARN
    Found the following significant warnings:
     Warning: 'rgl_init' failed, running with rgl.useNULL = TRUE
Flavor: r-release-osx-x86_64