CRAN Package Check Results for Package spsUtil

Last updated on 2021-09-17 07:51:44 CEST.

Flavor Version Tinstall Tcheck Ttotal Status Flags
r-devel-linux-x86_64-debian-clang 0.2.0 4.22 30.49 34.71 OK
r-devel-linux-x86_64-debian-gcc 0.2.0 3.68 28.97 32.65 OK
r-devel-linux-x86_64-fedora-clang 0.2.0 59.51 NOTE
r-devel-linux-x86_64-fedora-gcc 0.2.0 42.13 OK
r-devel-windows-x86_64 0.2.0 12.00 48.00 60.00 OK
r-devel-windows-x86_64-gcc10-UCRT 0.2.0 OK
r-patched-linux-x86_64 0.2.0 4.54 26.98 31.52 OK
r-patched-solaris-x86 0.2.0 58.70 OK
r-release-linux-x86_64 0.2.0 4.22 27.05 31.27 OK
r-release-macos-arm64 0.2.0 OK
r-release-macos-x86_64 0.2.0 OK
r-release-windows-ix86+x86_64 0.2.0 9.00 34.00 43.00 OK
r-oldrel-macos-x86_64 0.2.0 OK
r-oldrel-windows-ix86+x86_64 0.2.0 5.00 41.00 46.00 OK

Check Details

Version: 0.2.0
Check: Rd cross-references
Result: NOTE
    Undeclared package ‘shiny’ in Rd xrefs
Flavor: r-devel-linux-x86_64-fedora-clang