CRAN Package Check Results for Package spsh

Last updated on 2022-09-25 01:51:56 CEST.

Flavor Version Tinstall Tcheck Ttotal Status Flags
r-devel-linux-x86_64-debian-clang 1.1.0 6.67 51.32 57.99 NOTE
r-devel-linux-x86_64-debian-gcc 1.1.0 4.83 39.52 44.35 NOTE
r-devel-linux-x86_64-fedora-clang 1.1.0 80.07 NOTE
r-devel-linux-x86_64-fedora-gcc 1.1.0 77.37 NOTE
r-devel-windows-x86_64 1.1.0 20.00 87.00 107.00 NOTE
r-patched-linux-x86_64 1.1.0 8.34 45.94 54.28 OK
r-release-linux-x86_64 1.1.0 6.19 46.59 52.78 OK
r-release-macos-arm64 1.1.0 24.00 OK
r-release-macos-x86_64 1.1.0 34.00 OK
r-release-windows-x86_64 1.1.0 16.00 76.00 92.00 OK
r-oldrel-macos-arm64 1.1.0 30.00 OK
r-oldrel-macos-x86_64 1.1.0 45.00 OK
r-oldrel-windows-ix86+x86_64 1.1.0 13.00 74.00 87.00 OK

Check Details

Version: 1.1.0
Check: Rd files
Result: NOTE
    checkRd: (-1) shypEstFun.Rd:52: Escaped LaTeX specials: \$
    checkRd: (-1) shypEstFun.Rd:54: Escaped LaTeX specials: \$
Flavors: r-devel-linux-x86_64-debian-clang, r-devel-linux-x86_64-debian-gcc, r-devel-linux-x86_64-fedora-clang, r-devel-linux-x86_64-fedora-gcc, r-devel-windows-x86_64