Last updated on 2021-01-26 18:50:55 CET.
Flavor | Version | Tinstall | Tcheck | Ttotal | Status | Flags |
---|---|---|---|---|---|---|
r-devel-linux-x86_64-debian-clang | 1.0.0 | 283.20 | 225.86 | 509.06 | NOTE | |
r-devel-linux-x86_64-debian-gcc | 1.0.0 | 222.75 | 188.25 | 411.00 | NOTE | |
r-devel-linux-x86_64-fedora-clang | 1.0.0 | 667.70 | NOTE | |||
r-devel-linux-x86_64-fedora-gcc | 1.0.0 | 699.64 | NOTE | |||
r-devel-windows-ix86+x86_64 | 1.0.0 | 615.00 | 448.00 | 1063.00 | NOTE | |
r-patched-linux-x86_64 | 1.0.0 | 208.33 | 238.89 | 447.22 | NOTE | |
r-patched-solaris-x86 | 1.0.0 | 719.70 | NOTE | |||
r-release-linux-x86_64 | 1.0.0 | 199.82 | 238.70 | 438.52 | NOTE | |
r-release-macos-x86_64 | 1.0.0 | NOTE | ||||
r-release-windows-ix86+x86_64 | 1.0.0 | 592.00 | 350.00 | 942.00 | NOTE | |
r-oldrel-macos-x86_64 | 1.0.0 | NOTE | ||||
r-oldrel-windows-ix86+x86_64 | 1.0.0 | 493.00 | 452.00 | 945.00 | NOTE |
Version: 1.0.0
Check: for GNU extensions in Makefiles
Result: NOTE
GNU make is a SystemRequirements.
Flavors: r-devel-linux-x86_64-debian-clang, r-devel-linux-x86_64-debian-gcc, r-devel-linux-x86_64-fedora-clang, r-devel-linux-x86_64-fedora-gcc, r-devel-windows-ix86+x86_64, r-patched-linux-x86_64, r-patched-solaris-x86, r-release-linux-x86_64, r-release-macos-x86_64, r-release-windows-ix86+x86_64, r-oldrel-macos-x86_64, r-oldrel-windows-ix86+x86_64
Version: 1.0.0
Check: installed package size
Result: NOTE
installed size is 56.8Mb
sub-directories of 1Mb or more:
doc 1.5Mb
libs 54.9Mb
Flavors: r-devel-linux-x86_64-fedora-clang, r-devel-windows-ix86+x86_64, r-release-macos-x86_64, r-release-windows-ix86+x86_64, r-oldrel-macos-x86_64, r-oldrel-windows-ix86+x86_64
Version: 1.0.0
Check: dependencies in R code
Result: NOTE
Namespace in Imports field not imported from: ‘rstantools’
All declared Imports should be used.
Flavors: r-devel-linux-x86_64-fedora-clang, r-devel-linux-x86_64-fedora-gcc, r-patched-solaris-x86, r-release-macos-x86_64, r-oldrel-macos-x86_64