CRAN Package Check Results for Package spup

Last updated on 2024-02-24 19:50:54 CET.

Flavor Version Tinstall Tcheck Ttotal Status Flags
r-devel-linux-x86_64-debian-clang 1.4-0 34.16 488.85 523.01 OK
r-devel-linux-x86_64-debian-gcc 1.4-0 26.19 351.52 377.71 OK
r-devel-linux-x86_64-fedora-clang 1.4-0 563.87 OK
r-devel-linux-x86_64-fedora-gcc 1.4-0 552.28 OK
r-devel-windows-x86_64 1.4-0 28.00 290.00 318.00 OK
r-patched-linux-x86_64 1.4-0 33.91 470.42 504.33 OK
r-release-linux-x86_64 1.4-0 33.31 464.38 497.69 OK
r-release-macos-arm64 1.4-0 167.00 OK
r-release-macos-x86_64 1.4-0 339.00 OK
r-release-windows-x86_64 1.4-0 38.00 410.00 448.00 OK
r-oldrel-macos-arm64 1.3-2 114.00 NOTE
r-oldrel-windows-x86_64 1.3-2 36.00 412.00 448.00 OK

Check Details

Version: 1.3-2
Check: dependencies in R code
Result: NOTE Namespace in Imports field not imported from: ‘sp’ All declared Imports should be used. Flavor: r-oldrel-macos-arm64