Last updated on 2023-12-07 15:48:34 CET.
Flavor | Version | Tinstall | Tcheck | Ttotal | Status | Flags |
---|---|---|---|---|---|---|
r-devel-linux-x86_64-debian-clang | 0.4-11 | 6.31 | 50.87 | 57.18 | NOTE | |
r-devel-linux-x86_64-debian-gcc | 0.4-11 | 5.01 | 39.24 | 44.25 | NOTE | |
r-devel-linux-x86_64-fedora-clang | 0.4-11 | 71.27 | OK | |||
r-devel-linux-x86_64-fedora-gcc | 0.4-11 | 69.12 | OK | |||
r-devel-windows-x86_64 | 0.4-11 | 6.00 | 58.00 | 64.00 | OK | |
r-patched-linux-x86_64 | 0.4-11 | 7.25 | 50.52 | 57.77 | OK | |
r-release-linux-x86_64 | 0.4-11 | 6.88 | 50.55 | 57.43 | OK | |
r-release-macos-arm64 | 0.4-11 | 25.00 | OK | |||
r-release-macos-x86_64 | 0.4-11 | 46.00 | OK | |||
r-release-windows-x86_64 | 0.4-11 | 8.00 | 63.00 | 71.00 | OK | |
r-oldrel-macos-arm64 | 0.4-11 | 25.00 | OK | |||
r-oldrel-macos-x86_64 | 0.4-11 | 60.00 | OK | |||
r-oldrel-windows-x86_64 | 0.4-11 | 7.00 | 76.00 | 83.00 | OK |
Version: 0.4-11
Check: Rd files
Result: NOTE
checkRd: (-1) sqldf.Rd:248: Lost braces
248 | and code{port} arguments of sqldf.
| ^
Flavors: r-devel-linux-x86_64-debian-clang, r-devel-linux-x86_64-debian-gcc