CRAN Package Check Results for Package sqlscore

Last updated on 2021-09-19 11:50:24 CEST.

Flavor Version Tinstall Tcheck Ttotal Status Flags
r-devel-linux-x86_64-debian-clang 0.1.4 2.07 42.70 44.77 OK
r-devel-linux-x86_64-debian-gcc 0.1.4 1.90 32.76 34.66 OK
r-devel-linux-x86_64-fedora-clang 0.1.4 62.18 OK
r-devel-linux-x86_64-fedora-gcc 0.1.4 53.43 OK
r-devel-windows-x86_64 0.1.4 3.00 62.00 65.00 OK
r-devel-windows-x86_64-gcc10-UCRT 0.1.4 ERROR
r-patched-linux-x86_64 0.1.4 2.30 40.39 42.69 OK
r-patched-solaris-x86 0.1.4 69.20 OK
r-release-linux-x86_64 0.1.4 2.45 40.92 43.37 OK
r-release-macos-arm64 0.1.4 OK
r-release-macos-x86_64 0.1.4 OK
r-release-windows-ix86+x86_64 0.1.4 6.00 48.00 54.00 OK
r-oldrel-macos-x86_64 0.1.4 OK
r-oldrel-windows-ix86+x86_64 0.1.4 6.00 48.00 54.00 OK

Check Details

Version: 0.1.4
Check: whether package can be installed
Result: WARN
    Found the following significant warnings:
     WARNING: installation-time patches will not be applied, could not get the patches index
Flavor: r-devel-windows-x86_64-gcc10-UCRT

Version: 0.1.4
Check: PDF version of manual
Result: WARN
    LaTeX errors when creating PDF version.
    This typically indicates Rd problems.
Flavor: r-devel-windows-x86_64-gcc10-UCRT

Version: 0.1.4
Check: PDF version of manual without hyperrefs or index
Result: ERROR
    Re-running with no redirection of stdout/stderr.
Flavor: r-devel-windows-x86_64-gcc10-UCRT