Last updated on 2019-02-19 21:49:41 CET.
Flavor | Version | Tinstall | Tcheck | Ttotal | Status | Flags |
---|---|---|---|---|---|---|
r-devel-linux-x86_64-debian-clang | 1.2 | 2.69 | 33.40 | 36.09 | NOTE | |
r-devel-linux-x86_64-debian-gcc | 1.2 | 2.06 | 26.93 | 28.99 | NOTE | |
r-devel-linux-x86_64-fedora-clang | 1.2 | 46.00 | NOTE | |||
r-devel-linux-x86_64-fedora-gcc | 1.2 | 45.22 | NOTE | |||
r-devel-windows-ix86+x86_64 | 1.2 | 8.00 | 76.00 | 84.00 | NOTE | |
r-patched-linux-x86_64 | 1.2 | 2.17 | 32.36 | 34.53 | NOTE | |
r-patched-solaris-x86 | 1.2 | 65.70 | NOTE | |||
r-release-linux-x86_64 | 1.2 | 2.29 | 31.97 | 34.26 | NOTE | |
r-release-windows-ix86+x86_64 | 1.2 | 5.00 | 70.00 | 75.00 | NOTE | |
r-release-osx-x86_64 | 1.2 | NOTE | ||||
r-oldrel-windows-ix86+x86_64 | 1.2 | 8.00 | 77.00 | 85.00 | NOTE | |
r-oldrel-osx-x86_64 | 1.2 | NOTE |
Version: 1.2
Check: DESCRIPTION meta-information
Result: NOTE
Malformed Title field: should not end in a period.
Flavors: r-devel-linux-x86_64-debian-clang, r-devel-linux-x86_64-debian-gcc, r-devel-linux-x86_64-fedora-clang, r-devel-linux-x86_64-fedora-gcc, r-devel-windows-ix86+x86_64, r-patched-linux-x86_64, r-patched-solaris-x86, r-release-linux-x86_64, r-release-windows-ix86+x86_64, r-release-osx-x86_64, r-oldrel-windows-ix86+x86_64, r-oldrel-osx-x86_64
Version: 1.2
Check: dependencies in R code
Result: NOTE
'library' or 'require' calls in package code:
‘RJDBC’ ‘RMySQL’ ‘RODBC’ ‘RPostgreSQL’ ‘RSQLite’ ‘tcltk’
Please use :: or requireNamespace() instead.
See section 'Suggested packages' in the 'Writing R Extensions' manual.
Flavors: r-devel-linux-x86_64-debian-clang, r-devel-linux-x86_64-debian-gcc, r-devel-linux-x86_64-fedora-clang, r-devel-linux-x86_64-fedora-gcc, r-devel-windows-ix86+x86_64, r-patched-linux-x86_64, r-patched-solaris-x86, r-release-linux-x86_64, r-release-windows-ix86+x86_64, r-release-osx-x86_64, r-oldrel-windows-ix86+x86_64, r-oldrel-osx-x86_64
Version: 1.2
Check: R code for possible problems
Result: NOTE
cacheQuery: no visible global function definition for ‘read.csv’
cacheQuery: no visible global function definition for ‘write.csv’
Undefined global functions or variables:
read.csv write.csv
Consider adding
importFrom("utils", "read.csv", "write.csv")
to your NAMESPACE file.
Flavors: r-devel-linux-x86_64-debian-clang, r-devel-linux-x86_64-debian-gcc, r-devel-linux-x86_64-fedora-clang, r-devel-linux-x86_64-fedora-gcc, r-devel-windows-ix86+x86_64, r-patched-linux-x86_64, r-patched-solaris-x86, r-release-linux-x86_64, r-release-windows-ix86+x86_64, r-release-osx-x86_64, r-oldrel-windows-ix86+x86_64, r-oldrel-osx-x86_64
Version: 1.2
Check: package dependencies
Result: NOTE
Packages which this enhances but not available for checking:
‘RPostgreSQL’ ‘RODBC’
Flavor: r-oldrel-osx-x86_64