CRAN Package Check Results for Package srm

Last updated on 2022-05-25 06:54:43 CEST.

Flavor Version Tinstall Tcheck Ttotal Status Flags
r-devel-linux-x86_64-debian-clang 0.3-6 99.33 67.45 166.78 WARN
r-devel-linux-x86_64-debian-gcc 0.3-6 79.19 51.53 130.72 OK
r-devel-linux-x86_64-fedora-clang 0.3-6 241.17 WARN
r-devel-linux-x86_64-fedora-gcc 0.3-6 197.02 OK
r-devel-windows-x86_64 0.3-6 101.00 99.00 200.00 OK
r-patched-linux-x86_64 0.3-6 83.14 65.45 148.59 OK
r-release-linux-x86_64 0.3-6 OK
r-release-macos-arm64 0.3-6 49.00 OK
r-release-macos-x86_64 0.3-6 68.00 OK
r-release-windows-x86_64 0.3-6 101.00 101.00 202.00 OK
r-oldrel-macos-arm64 0.3-6 55.00 OK
r-oldrel-macos-x86_64 0.3-6 90.00 OK
r-oldrel-windows-ix86+x86_64 0.3-6 239.00 97.00 336.00 OK

Additional issues

clang14

Check Details

Version: 0.3-6
Check: whether package can be installed
Result: WARN
    Found the following significant warnings:
     SRM_RCPP_SRM_ARBSRM.cpp:83:18: warning: use of bitwise '|' with boolean operands [-Wbitwise-instead-of-logical]
     SRM_RCPP_SRM_ARBSRM.cpp:90:18: warning: use of bitwise '|' with boolean operands [-Wbitwise-instead-of-logical]
     SRM_RCPP_SRM_ARBSRM.cpp:189:17: warning: use of bitwise '|' with boolean operands [-Wbitwise-instead-of-logical]
     SRM_RCPP_SRM_ARBSRM.cpp:190:21: warning: use of bitwise '&' with boolean operands [-Wbitwise-instead-of-logical]
     SRM_RCPP_SRM_ARBSRM.cpp:230:17: warning: use of bitwise '&' with boolean operands [-Wbitwise-instead-of-logical]
     SRM_RCPP_SRM_ARBSRM.cpp:231:21: warning: use of bitwise '&' with boolean operands [-Wbitwise-instead-of-logical]
     SRM_RCPP_SRM_ARBSRM.cpp:235:21: warning: use of bitwise '&' with boolean operands [-Wbitwise-instead-of-logical]
     SRM_RCPP_SRM_ARBSRM.cpp:238:21: warning: use of bitwise '&' with boolean operands [-Wbitwise-instead-of-logical]
Flavors: r-devel-linux-x86_64-debian-clang, r-devel-linux-x86_64-fedora-clang