CRAN Package Check Results for Package ssh.utils

Last updated on 2018-02-19 01:46:49 CET.

Flavor Version Tinstall Tcheck Ttotal Status Flags
r-devel-linux-x86_64-debian-clang 1.0 1.03 15.44 16.47 NOTE
r-devel-linux-x86_64-debian-gcc 1.0 0.83 13.56 14.39 NOTE
r-devel-linux-x86_64-fedora-clang 1.0 22.57 NOTE
r-devel-linux-x86_64-fedora-gcc 1.0 20.30 NOTE
r-patched-linux-x86_64 1.0 0.88 16.48 17.36 NOTE
r-patched-solaris-x86 1.0 32.10 NOTE
r-release-linux-x86_64 1.0 0.89 16.46 17.35 NOTE
r-release-osx-x86_64 1.0 NOTE
r-oldrel-osx-x86_64 1.0 NOTE

Check Details

Version: 1.0
Check: DESCRIPTION meta-information
Result: NOTE
    Malformed Title field: should not end in a period.
Flavors: r-devel-linux-x86_64-debian-clang, r-devel-linux-x86_64-debian-gcc, r-devel-linux-x86_64-fedora-clang, r-devel-linux-x86_64-fedora-gcc, r-patched-linux-x86_64, r-patched-solaris-x86, r-release-linux-x86_64, r-release-osx-x86_64, r-oldrel-osx-x86_64

Version: 1.0
Check: R code for possible problems
Result: NOTE
    mem.usage: no visible global function definition for ‘read.delim’
    Undefined global functions or variables:
     read.delim
    Consider adding
     importFrom("utils", "read.delim")
    to your NAMESPACE file.
Flavors: r-devel-linux-x86_64-debian-clang, r-devel-linux-x86_64-debian-gcc, r-devel-linux-x86_64-fedora-clang, r-devel-linux-x86_64-fedora-gcc, r-patched-linux-x86_64, r-patched-solaris-x86, r-release-linux-x86_64, r-release-osx-x86_64, r-oldrel-osx-x86_64