CRAN Package Check Results for Package ssh.utils

Last updated on 2018-08-20 11:49:01 CEST.

Flavor Version Tinstall Tcheck Ttotal Status Flags
r-devel-linux-x86_64-debian-clang 1.0 1.18 18.66 19.84 NOTE
r-devel-linux-x86_64-debian-gcc 1.0 0.83 15.08 15.91 NOTE
r-devel-linux-x86_64-fedora-clang 1.0 23.22 NOTE
r-devel-linux-x86_64-fedora-gcc 1.0 22.67 NOTE
r-patched-linux-x86_64 1.0 0.99 17.14 18.13 NOTE
r-patched-solaris-x86 1.0 38.10 NOTE
r-release-linux-x86_64 1.0 0.77 17.14 17.91 NOTE
r-release-osx-x86_64 1.0 NOTE
r-oldrel-osx-x86_64 1.0 NOTE

Check Details

Version: 1.0
Check: DESCRIPTION meta-information
Result: NOTE
    Malformed Title field: should not end in a period.
Flavors: r-devel-linux-x86_64-debian-clang, r-devel-linux-x86_64-debian-gcc, r-devel-linux-x86_64-fedora-clang, r-devel-linux-x86_64-fedora-gcc, r-patched-linux-x86_64, r-patched-solaris-x86, r-release-linux-x86_64, r-release-osx-x86_64, r-oldrel-osx-x86_64

Version: 1.0
Check: R code for possible problems
Result: NOTE
    mem.usage: no visible global function definition for ‘read.delim’
    Undefined global functions or variables:
     read.delim
    Consider adding
     importFrom("utils", "read.delim")
    to your NAMESPACE file.
Flavors: r-devel-linux-x86_64-debian-clang, r-devel-linux-x86_64-debian-gcc, r-devel-linux-x86_64-fedora-clang, r-devel-linux-x86_64-fedora-gcc, r-patched-linux-x86_64, r-patched-solaris-x86, r-release-linux-x86_64, r-release-osx-x86_64, r-oldrel-osx-x86_64