CRAN Package Check Results for Package ssh.utils

Last updated on 2018-05-26 07:50:29 CEST.

Flavor Version Tinstall Tcheck Ttotal Status Flags
r-devel-linux-x86_64-debian-clang 1.0 0.99 18.14 19.13 NOTE
r-devel-linux-x86_64-debian-gcc 1.0 0.87 14.42 15.29 NOTE
r-devel-linux-x86_64-fedora-clang 1.0 22.53 NOTE
r-devel-linux-x86_64-fedora-gcc 1.0 21.13 NOTE
r-patched-linux-x86_64 1.0 1.03 17.02 18.05 NOTE
r-patched-solaris-x86 1.0 37.60 NOTE
r-release-linux-x86_64 1.0 1.01 17.24 18.25 NOTE
r-release-osx-x86_64 1.0 NOTE
r-oldrel-osx-x86_64 1.0 NOTE

Check Details

Version: 1.0
Check: DESCRIPTION meta-information
Result: NOTE
    Malformed Title field: should not end in a period.
Flavors: r-devel-linux-x86_64-debian-clang, r-devel-linux-x86_64-debian-gcc, r-devel-linux-x86_64-fedora-clang, r-devel-linux-x86_64-fedora-gcc, r-patched-linux-x86_64, r-patched-solaris-x86, r-release-linux-x86_64, r-release-osx-x86_64, r-oldrel-osx-x86_64

Version: 1.0
Check: R code for possible problems
Result: NOTE
    mem.usage: no visible global function definition for ‘read.delim’
    Undefined global functions or variables:
     read.delim
    Consider adding
     importFrom("utils", "read.delim")
    to your NAMESPACE file.
Flavors: r-devel-linux-x86_64-debian-clang, r-devel-linux-x86_64-debian-gcc, r-devel-linux-x86_64-fedora-clang, r-devel-linux-x86_64-fedora-gcc, r-patched-linux-x86_64, r-patched-solaris-x86, r-release-linux-x86_64, r-release-osx-x86_64, r-oldrel-osx-x86_64