CRAN Package Check Results for Package sstModel

Last updated on 2020-01-27 02:47:35 CET.

Flavor Version Tinstall Tcheck Ttotal Status Flags
r-devel-linux-x86_64-debian-clang 1.0.0 15.09 111.06 126.15 OK
r-devel-linux-x86_64-debian-gcc 1.0.0 12.06 84.30 96.36 OK
r-devel-linux-x86_64-fedora-clang 1.0.0 145.35 NOTE
r-devel-linux-x86_64-fedora-gcc 1.0.0 143.55 NOTE
r-devel-windows-ix86+x86_64 1.0.0 32.00 156.00 188.00 OK
r-devel-windows-ix86+x86_64-gcc8 1.0.0 39.00 124.00 163.00 OK
r-patched-linux-x86_64 1.0.0 12.49 98.48 110.97 OK
r-patched-solaris-x86 1.0.0 174.10 NOTE
r-release-linux-x86_64 1.0.0 12.33 100.12 112.45 OK
r-release-windows-ix86+x86_64 1.0.0 24.00 113.00 137.00 OK
r-release-osx-x86_64 1.0.0 NOTE
r-oldrel-windows-ix86+x86_64 1.0.0 18.00 107.00 125.00 OK
r-oldrel-osx-x86_64 1.0.0 NOTE

Check Details

Version: 1.0.0
Check: dependencies in R code
Result: NOTE
    Namespace in Imports field not imported from: ‘shinydashboard’
     All declared Imports should be used.
Flavors: r-devel-linux-x86_64-fedora-clang, r-devel-linux-x86_64-fedora-gcc, r-patched-solaris-x86, r-release-osx-x86_64, r-oldrel-osx-x86_64