CRAN Package Check Results for Package stR

Last updated on 2018-01-18 11:50:19 CET.

Flavor Version Tinstall Tcheck Ttotal Status Flags
r-devel-linux-x86_64-debian-clang 0.3 6.47 107.66 114.13 OK
r-devel-linux-x86_64-debian-gcc 0.3 5.51 91.86 97.37 OK
r-devel-linux-x86_64-fedora-clang 0.3 154.23 OK
r-devel-linux-x86_64-fedora-gcc 0.3 150.72 OK
r-devel-windows-ix86+x86_64 0.3 12.00 137.00 149.00 NOTE
r-patched-linux-x86_64 0.3 7.50 125.24 132.74 OK
r-patched-solaris-x86 0.3 247.30 WARN
r-release-linux-x86_64 0.3 7.40 124.61 132.01 OK
r-release-windows-ix86+x86_64 0.3 14.00 125.00 139.00 NOTE
r-release-osx-x86_64 0.3 OK
r-oldrel-windows-ix86+x86_64 0.3 18.00 166.00 184.00 NOTE
r-oldrel-osx-x86_64 0.3 OK

Check Details

Version: 0.3
Check: package dependencies
Result: NOTE
    Package suggested but not available for checking: 'doMC'
Flavors: r-devel-windows-ix86+x86_64, r-release-windows-ix86+x86_64, r-oldrel-windows-ix86+x86_64

Version: 0.3
Check: re-building of vignette outputs
Result: WARN
    Error in re-building vignettes:
     ...
    Warning in engine$weave(file, quiet = quiet, encoding = enc) :
     Pandoc (>= 1.12.3) and/or pandoc-citeproc not available. Falling back to R Markdown v1.
    Quitting from lines 61-64 (stRvignette.Rmd)
    Error: processing vignette 'stRvignette.Rmd' failed with diagnostics:
    Process terminated
    Execution halted
Flavor: r-patched-solaris-x86