CRAN Package Check Results for Package stR

Last updated on 2018-09-22 04:52:30 CEST.

Flavor Version Tinstall Tcheck Ttotal Status Flags
r-devel-linux-x86_64-debian-clang 0.4 10.91 152.46 163.37 OK
r-devel-linux-x86_64-debian-gcc 0.4 8.37 120.45 128.82 OK
r-devel-linux-x86_64-fedora-clang 0.4 191.84 OK
r-devel-linux-x86_64-fedora-gcc 0.4 183.03 OK
r-devel-windows-ix86+x86_64 0.4 26.00 212.00 238.00 NOTE
r-patched-linux-x86_64 0.4 9.53 127.26 136.79 OK
r-patched-solaris-x86 0.4 255.20 WARN
r-release-linux-x86_64 0.4 9.30 127.46 136.76 OK
r-release-windows-ix86+x86_64 0.4 14.00 187.00 201.00 NOTE
r-release-osx-x86_64 0.4 WARN
r-oldrel-windows-ix86+x86_64 0.4 17.00 215.00 232.00 NOTE
r-oldrel-osx-x86_64 0.4 WARN

Check Details

Version: 0.4
Check: package dependencies
Result: NOTE
    Package suggested but not available for checking: 'doMC'
Flavors: r-devel-windows-ix86+x86_64, r-release-windows-ix86+x86_64, r-oldrel-windows-ix86+x86_64

Version: 0.4
Check: re-building of vignette outputs
Result: WARN
    Error in re-building vignettes:
     ...
    Warning in engine$weave(file, quiet = quiet, encoding = enc) :
     Pandoc (>= 1.12.3) and/or pandoc-citeproc not available. Falling back to R Markdown v1.
    Quitting from lines 61-64 (stRvignette.Rmd)
    Error: processing vignette 'stRvignette.Rmd' failed with diagnostics:
    Process terminated
    Execution halted
Flavor: r-patched-solaris-x86

Version: 0.4
Check: re-building of vignette outputs
Result: WARN
    Error in re-building vignettes:
     ...
    Warning in engine$weave(file, quiet = quiet, encoding = enc) :
     Pandoc (>= 1.12.3) and/or pandoc-citeproc not available. Falling back to R Markdown v1.
    sh: line 1: 13800 Trace/BPT trap: 5 /Volumes/SSD-Data/Builds/R-dev-web/QA/Simon/packages/el-capitan-x86_64/Rlib/3.5/x13binary/bin/x13ashtml /tmp/Rtmp3Fs7ok/x1335e058a2e03f/iofile -n -s 2> /dev/null
    dyld: lazy symbol binding failed: Symbol not found: _mkostemp
     Referenced from: /Volumes/SSD-Data/Builds/R-dev-web/QA/Simon/packages/el-capitan-x86_64/Rlib/3.5/x13binary/bin/../lib/libgfortran.3.dylib (which was built for Mac OS X 10.12)
     Expected in: /usr/lib/libSystem.B.dylib
    
    dyld: Symbol not found: _mkostemp
     Referenced from: /Volumes/SSD-Data/Builds/R-dev-web/QA/Simon/packages/el-capitan-x86_64/Rlib/3.5/x13binary/bin/../lib/libgfortran.3.dylib (which was built for Mac OS X 10.12)
     Expected in: /usr/lib/libSystem.B.dylib
    
    
    Program received signal SIGTRAP: Trace/breakpoint trap.
    
    Backtrace for this error:
    #0 0x122fb2579
    #1 0x122fb1945
    #2 0x7fff93ac4529
    Quitting from lines 61-64 (stRvignette.Rmd)
    Error: processing vignette 'stRvignette.Rmd' failed with diagnostics:
    X-13 has returned a non-zero exist status, which means that the current spec file cannot be processed for an unknown reason.
    Execution halted
Flavor: r-release-osx-x86_64

Version: 0.4
Check: whether package can be installed
Result: WARN
    Found the following significant warnings:
     Warning: 'rgl_init' failed, running with rgl.useNULL = TRUE
Flavor: r-oldrel-osx-x86_64

Version: 0.4
Check: re-building of vignette outputs
Result: WARN
    Error in re-building vignettes:
     ...
    Warning in engine$weave(file, quiet = quiet, encoding = enc) :
     Pandoc (>= 1.12.3) and/or pandoc-citeproc not available. Falling back to R Markdown v1.
    sh: line 1: 48383 Trace/BPT trap: 5 /Volumes/SSD-Data/Builds/R-dev-web/QA/Simon/packages/el-capitan-x86_64/Rlib/3.4/x13binary/bin/x13ashtml /tmp/RtmpMGOkZ3/x13bcf83d29c873/iofile -n -s 2> /dev/null
    dyld: lazy symbol binding failed: Symbol not found: _mkostemp
     Referenced from: /Volumes/SSD-Data/Builds/R-dev-web/QA/Simon/packages/el-capitan-x86_64/Rlib/3.4/x13binary/bin/../lib/libgfortran.3.dylib (which was built for Mac OS X 10.12)
     Expected in: /usr/lib/libSystem.B.dylib
    
    dyld: Symbol not found: _mkostemp
     Referenced from: /Volumes/SSD-Data/Builds/R-dev-web/QA/Simon/packages/el-capitan-x86_64/Rlib/3.4/x13binary/bin/../lib/libgfortran.3.dylib (which was built for Mac OS X 10.12)
     Expected in: /usr/lib/libSystem.B.dylib
    
    
    Program received signal SIGTRAP: Trace/breakpoint trap.
    
    Backtrace for this error:
    #0 0x1213eb579
    #1 0x1213ea945
    #2 0x7fff93ac4529
    Quitting from lines 61-64 (stRvignette.Rmd)
    Error: processing vignette 'stRvignette.Rmd' failed with diagnostics:
    X-13 has returned a non-zero exist status, which means that the current spec file cannot be processed for an unknown reason.
    Execution halted
Flavor: r-oldrel-osx-x86_64