CRAN Package Check Results for Package stR

Last updated on 2018-12-17 15:50:01 CET.

Flavor Version Tinstall Tcheck Ttotal Status Flags
r-devel-linux-x86_64-debian-clang 0.4 8.78 4.11 12.89 ERROR
r-devel-linux-x86_64-debian-gcc 0.4 8.67 2.18 10.85 ERROR
r-devel-linux-x86_64-fedora-clang 0.4 172.07 OK
r-devel-linux-x86_64-fedora-gcc 0.4 162.05 OK
r-devel-windows-ix86+x86_64 0.4 20.00 197.00 217.00 NOTE
r-patched-linux-x86_64 0.4 8.75 3.36 12.11 ERROR
r-patched-solaris-x86 0.4 258.60 WARN
r-release-linux-x86_64 0.4 9.11 128.37 137.48 OK
r-release-windows-ix86+x86_64 0.4 26.00 201.00 227.00 NOTE
r-release-osx-x86_64 0.4 WARN
r-oldrel-windows-ix86+x86_64 0.4 23.00 207.00 230.00 NOTE
r-oldrel-osx-x86_64 0.4 WARN

Check Details

Version: 0.4
Check: whether the package can be loaded
Result: ERROR
    Loading this package had a fatal error status code 1
    Loading log:
    Error: package or namespace load failed for ‘stR’ in dyn.load(file, DLLpath = DLLpath, ...):
     unable to load shared object ‘/home/hornik/tmp/R.check/r-devel-clang/Work/build/Packages/lattice/libs/lattice.so’:
     /home/hornik/tmp/R.check/r-devel-clang/Work/build/Packages/lattice/libs/lattice.so: failed to map segment from shared object
    Execution halted
Flavor: r-devel-linux-x86_64-debian-clang

Version: 0.4
Check: whether the package can be loaded
Result: ERROR
    Loading this package had a fatal error status code 1
    Loading log:
    Error: package or namespace load failed for ‘stR’ in dyn.load(file, DLLpath = DLLpath, ...):
     unable to load shared object ‘/home/hornik/tmp/R.check/r-devel-gcc/Work/build/Packages/lattice/libs/lattice.so’:
     /home/hornik/tmp/R.check/r-devel-gcc/Work/build/Packages/lattice/libs/lattice.so: failed to map segment from shared object
    Execution halted
Flavor: r-devel-linux-x86_64-debian-gcc

Version: 0.4
Check: package dependencies
Result: NOTE
    Package suggested but not available for checking: 'doMC'
Flavors: r-devel-windows-ix86+x86_64, r-release-windows-ix86+x86_64, r-oldrel-windows-ix86+x86_64

Version: 0.4
Check: whether the package can be loaded
Result: ERROR
    Loading this package had a fatal error status code 1
    Loading log:
    Error: package or namespace load failed for ‘stR’ in dyn.load(file, DLLpath = DLLpath, ...):
     unable to load shared object ‘/home/hornik/tmp/R.check/r-patched-gcc/Work/build/Packages/lattice/libs/lattice.so’:
     /home/hornik/tmp/R.check/r-patched-gcc/Work/build/Packages/lattice/libs/lattice.so: failed to map segment from shared object
    Execution halted
Flavor: r-patched-linux-x86_64

Version: 0.4
Check: re-building of vignette outputs
Result: WARN
    Error in re-building vignettes:
     ...
    Warning in engine$weave(file, quiet = quiet, encoding = enc) :
     Pandoc (>= 1.12.3) and/or pandoc-citeproc not available. Falling back to R Markdown v1.
    Quitting from lines 61-64 (stRvignette.Rmd)
    Error: processing vignette 'stRvignette.Rmd' failed with diagnostics:
    Process terminated
    Execution halted
Flavor: r-patched-solaris-x86

Version: 0.4
Check: re-building of vignette outputs
Result: WARN
    Error in re-building vignettes:
     ...
    Warning in engine$weave(file, quiet = quiet, encoding = enc) :
     Pandoc (>= 1.12.3) and/or pandoc-citeproc not available. Falling back to R Markdown v1.
    sh: line 1: 13800 Trace/BPT trap: 5 /Volumes/SSD-Data/Builds/R-dev-web/QA/Simon/packages/el-capitan-x86_64/Rlib/3.5/x13binary/bin/x13ashtml /tmp/Rtmp3Fs7ok/x1335e058a2e03f/iofile -n -s 2> /dev/null
    dyld: lazy symbol binding failed: Symbol not found: _mkostemp
     Referenced from: /Volumes/SSD-Data/Builds/R-dev-web/QA/Simon/packages/el-capitan-x86_64/Rlib/3.5/x13binary/bin/../lib/libgfortran.3.dylib (which was built for Mac OS X 10.12)
     Expected in: /usr/lib/libSystem.B.dylib
    
    dyld: Symbol not found: _mkostemp
     Referenced from: /Volumes/SSD-Data/Builds/R-dev-web/QA/Simon/packages/el-capitan-x86_64/Rlib/3.5/x13binary/bin/../lib/libgfortran.3.dylib (which was built for Mac OS X 10.12)
     Expected in: /usr/lib/libSystem.B.dylib
    
    
    Program received signal SIGTRAP: Trace/breakpoint trap.
    
    Backtrace for this error:
    #0 0x122fb2579
    #1 0x122fb1945
    #2 0x7fff93ac4529
    Quitting from lines 61-64 (stRvignette.Rmd)
    Error: processing vignette 'stRvignette.Rmd' failed with diagnostics:
    X-13 has returned a non-zero exist status, which means that the current spec file cannot be processed for an unknown reason.
    Execution halted
Flavor: r-release-osx-x86_64

Version: 0.4
Check: whether package can be installed
Result: WARN
    Found the following significant warnings:
     Warning: 'rgl_init' failed, running with rgl.useNULL = TRUE
Flavor: r-oldrel-osx-x86_64

Version: 0.4
Check: re-building of vignette outputs
Result: WARN
    Error in re-building vignettes:
     ...
    Warning in engine$weave(file, quiet = quiet, encoding = enc) :
     Pandoc (>= 1.12.3) and/or pandoc-citeproc not available. Falling back to R Markdown v1.
    sh: line 1: 48383 Trace/BPT trap: 5 /Volumes/SSD-Data/Builds/R-dev-web/QA/Simon/packages/el-capitan-x86_64/Rlib/3.4/x13binary/bin/x13ashtml /tmp/RtmpMGOkZ3/x13bcf83d29c873/iofile -n -s 2> /dev/null
    dyld: lazy symbol binding failed: Symbol not found: _mkostemp
     Referenced from: /Volumes/SSD-Data/Builds/R-dev-web/QA/Simon/packages/el-capitan-x86_64/Rlib/3.4/x13binary/bin/../lib/libgfortran.3.dylib (which was built for Mac OS X 10.12)
     Expected in: /usr/lib/libSystem.B.dylib
    
    dyld: Symbol not found: _mkostemp
     Referenced from: /Volumes/SSD-Data/Builds/R-dev-web/QA/Simon/packages/el-capitan-x86_64/Rlib/3.4/x13binary/bin/../lib/libgfortran.3.dylib (which was built for Mac OS X 10.12)
     Expected in: /usr/lib/libSystem.B.dylib
    
    
    Program received signal SIGTRAP: Trace/breakpoint trap.
    
    Backtrace for this error:
    #0 0x1213eb579
    #1 0x1213ea945
    #2 0x7fff93ac4529
    Quitting from lines 61-64 (stRvignette.Rmd)
    Error: processing vignette 'stRvignette.Rmd' failed with diagnostics:
    X-13 has returned a non-zero exist status, which means that the current spec file cannot be processed for an unknown reason.
    Execution halted
Flavor: r-oldrel-osx-x86_64