CRAN Package Check Results for Package stR

Last updated on 2021-04-11 18:47:47 CEST.

Flavor Version Tinstall Tcheck Ttotal Status Flags
r-devel-linux-x86_64-debian-clang 0.4 16.75 178.84 195.59 OK
r-devel-linux-x86_64-debian-gcc 0.4 14.00 135.81 149.81 OK
r-devel-linux-x86_64-fedora-clang 0.4 238.82 OK
r-devel-linux-x86_64-fedora-gcc 0.4 225.40 OK
r-devel-windows-ix86+x86_64 0.4 24.00 160.00 184.00 NOTE
r-devel-windows-x86_64-gcc10-UCRT 0.4 WARN
r-patched-linux-x86_64 0.4 13.92 162.82 176.74 OK
r-patched-solaris-x86 0.4 323.20 WARN
r-release-linux-x86_64 0.4 14.42 164.90 179.32 OK
r-release-macos-x86_64 0.4 OK
r-release-windows-ix86+x86_64 0.4 38.00 213.00 251.00 NOTE
r-oldrel-macos-x86_64 0.4 WARN
r-oldrel-windows-ix86+x86_64 0.4 32.00 196.00 228.00 NOTE

Additional issues

M1mac

Check Details

Version: 0.4
Check: package dependencies
Result: NOTE
    Package suggested but not available for checking: 'doMC'
Flavors: r-devel-windows-ix86+x86_64, r-devel-windows-x86_64-gcc10-UCRT, r-release-windows-ix86+x86_64, r-oldrel-windows-ix86+x86_64

Version: 0.4
Check: re-building of vignette outputs
Result: WARN
    Error(s) in re-building vignettes:
     ...
    --- re-building 'stRvignette.Rmd' using rmarkdown
    Quitting from lines 61-64 (stRvignette.Rmd)
    Error: processing vignette 'stRvignette.Rmd' failed with diagnostics:
    X-13 run failed
    
    Errors:
    - Unable to open profiler file,
     C:\msys64\home\tomas\ucrt3\svn\ucrt3\r_packages\pkgcheck\CRAN\stR\tmp\RtmpyAUg7z.
    
    Warnings:
    - At least one visually significant seasonal peak has been found
     in one or more of the estimated spectra.
    
    --- failed re-building 'stRvignette.Rmd'
    
    SUMMARY: processing the following file failed:
     'stRvignette.Rmd'
    
    Error: Vignette re-building failed.
    Execution halted
Flavor: r-devel-windows-x86_64-gcc10-UCRT

Version: 0.4
Check: package dependencies
Result: NOTE
    Package suggested but not available for checking: ‘seasonal’
Flavors: r-patched-solaris-x86, r-oldrel-macos-x86_64

Version: 0.4
Check: re-building of vignette outputs
Result: WARN
    Error(s) in re-building vignettes:
     ...
    --- re-building ‘stRvignette.Rmd’ using rmarkdown
    Warning in engine$weave(file, quiet = quiet, encoding = enc) :
     Pandoc (>= 1.12.3) and/or pandoc-citeproc not available. Falling back to R Markdown v1.
    Quitting from lines 13-17 (stRvignette.Rmd)
    Error: processing vignette 'stRvignette.Rmd' failed with diagnostics:
    there is no package called 'seasonal'
    --- failed re-building ‘stRvignette.Rmd’
    
    SUMMARY: processing the following file failed:
     ‘stRvignette.Rmd’
    
    Error: Vignette re-building failed.
    Execution halted
Flavors: r-patched-solaris-x86, r-oldrel-macos-x86_64

Version: 0.4
Check: whether package can be installed
Result: WARN
    Found the following significant warnings:
     Warning: 'rgl_init' failed, running with rgl.useNULL = TRUE
Flavor: r-oldrel-macos-x86_64