CRAN Package Check Results for Package sta

Last updated on 2021-05-08 11:50:41 CEST.

Flavor Version Tinstall Tcheck Ttotal Status Flags
r-devel-linux-x86_64-debian-clang 0.1.5 13.84 122.33 136.17 OK
r-devel-linux-x86_64-debian-gcc 0.1.5 11.52 92.64 104.16 OK
r-devel-linux-x86_64-fedora-clang 0.1.5 171.66 NOTE
r-devel-linux-x86_64-fedora-gcc 0.1.5 161.06 NOTE
r-devel-windows-ix86+x86_64 0.1.5 38.00 5.00 43.00 ERROR
r-devel-windows-x86_64-gcc10-UCRT 0.1.5 NOTE
r-patched-linux-x86_64 0.1.5 14.32 117.52 131.84 OK
r-patched-solaris-x86 0.1.5 246.70 NOTE
r-release-linux-x86_64 0.1.5 12.84 114.55 127.39 OK
r-release-macos-x86_64 0.1.5 NOTE
r-release-windows-ix86+x86_64 0.1.5 22.00 108.00 130.00 OK
r-oldrel-macos-x86_64 0.1.5 NOTE
r-oldrel-windows-ix86+x86_64 0.1.5 29.00 95.00 124.00 OK

Check Details

Version: 0.1.5
Check: dependencies in R code
Result: NOTE
    Namespaces in Imports field not imported from:
     ‘iterators’ ‘methods’ ‘rgdal’
     All declared Imports should be used.
Flavors: r-devel-linux-x86_64-fedora-clang, r-devel-linux-x86_64-fedora-gcc, r-devel-windows-x86_64-gcc10-UCRT, r-patched-solaris-x86, r-release-macos-x86_64, r-oldrel-macos-x86_64

Version: 0.1.5
Check: whether package can be installed
Result: ERROR
    Installation failed.
Flavor: r-devel-windows-ix86+x86_64