CRAN Package Check Results for Package stabs

Last updated on 2021-05-10 18:50:53 CEST.

Flavor Version Tinstall Tcheck Ttotal Status Flags
r-devel-linux-x86_64-debian-clang 0.6-4 3.34 72.89 76.23 NOTE
r-devel-linux-x86_64-debian-gcc 0.6-4 2.12 56.77 58.89 NOTE
r-devel-linux-x86_64-fedora-clang 0.6-4 98.29 NOTE
r-devel-linux-x86_64-fedora-gcc 0.6-4 86.80 NOTE
r-devel-windows-ix86+x86_64 0.6-4 6.00 66.00 72.00 NOTE
r-devel-windows-x86_64-gcc10-UCRT 0.6-4 NOTE
r-patched-linux-x86_64 0.6-4 2.93 69.98 72.91 NOTE
r-patched-solaris-x86 0.6-4 143.20 NOTE
r-release-linux-x86_64 0.6-4 2.79 73.48 76.27 OK
r-release-macos-x86_64 0.6-4 OK
r-release-windows-ix86+x86_64 0.6-4 5.00 49.00 54.00 OK
r-oldrel-macos-x86_64 0.6-4 OK
r-oldrel-windows-ix86+x86_64 0.6-4 5.00 60.00 65.00 OK

Check Details

Version: 0.6-4
Check: LazyData
Result: NOTE
     'LazyData' is specified without a 'data' directory
Flavors: r-devel-linux-x86_64-debian-clang, r-devel-linux-x86_64-debian-gcc, r-devel-linux-x86_64-fedora-clang, r-devel-linux-x86_64-fedora-gcc, r-devel-windows-ix86+x86_64, r-devel-windows-x86_64-gcc10-UCRT, r-patched-linux-x86_64, r-patched-solaris-x86