CRAN Package Check Results for Package stacomiR

Last updated on 2018-05-20 20:48:14 CEST.

Flavor Version Tinstall Tcheck Ttotal Status Flags
r-devel-linux-x86_64-debian-clang 0.5.3.1 24.52 223.12 247.64 OK
r-devel-linux-x86_64-debian-gcc 0.5.3.1 21.36 174.44 195.80 OK
r-devel-linux-x86_64-fedora-clang 0.5.3.1 302.48 NOTE
r-devel-linux-x86_64-fedora-gcc 0.5.3.1 295.84 NOTE
r-devel-windows-ix86+x86_64 0.5.3.1 42.00 345.00 387.00 OK
r-patched-linux-x86_64 0.5.3.1 22.41 197.66 220.07 OK
r-patched-solaris-x86 0.5.3.1 407.00 NOTE
r-release-linux-x86_64 0.5.3.1 19.99 192.72 212.71 OK
r-release-windows-ix86+x86_64 0.5.3.1 35.00 192.00 227.00 OK
r-release-osx-x86_64 0.5.3.1 ERROR
r-oldrel-windows-ix86+x86_64 0.5.3.1 31.00 233.00 264.00 OK
r-oldrel-osx-x86_64 0.5.3.1 ERROR

Check Details

Version: 0.5.3.1
Check: data for non-ASCII characters
Result: NOTE
     Note: found 40588 marked UTF-8 strings
Flavors: r-devel-linux-x86_64-fedora-clang, r-devel-linux-x86_64-fedora-gcc, r-patched-solaris-x86

Version: 0.5.3.1
Check: package dependencies
Result: ERROR
    Packages required but not available: ‘gWidgetsRGtk2’ ‘RGtk2’
    
    See section ‘The DESCRIPTION file’ in the ‘Writing R Extensions’
    manual.
Flavors: r-release-osx-x86_64, r-oldrel-osx-x86_64