CRAN Package Check Results for Package stacomiR

Last updated on 2018-02-19 06:46:57 CET.

Flavor Version Tinstall Tcheck Ttotal Status Flags
r-devel-linux-x86_64-debian-clang 0.5.3.1 22.54 178.54 201.08 OK
r-devel-linux-x86_64-debian-gcc 0.5.3.1 18.15 158.24 176.39 OK
r-devel-linux-x86_64-fedora-clang 0.5.3.1 273.00 NOTE
r-devel-linux-x86_64-fedora-gcc 0.5.3.1 260.35 NOTE
r-devel-windows-ix86+x86_64 0.5.3.1 41.00 212.00 253.00 OK
r-patched-linux-x86_64 0.5.3.1 17.63 207.19 224.82 OK
r-patched-solaris-x86 0.5.3.1 396.40 NOTE
r-release-linux-x86_64 0.5.3.1 16.23 211.71 227.94 OK
r-release-windows-ix86+x86_64 0.5.3.1 47.00 191.00 238.00 OK
r-release-osx-x86_64 0.5.3.1 ERROR
r-oldrel-windows-ix86+x86_64 0.5.3.1 30.00 273.00 303.00 OK
r-oldrel-osx-x86_64 0.5.3.1 ERROR

Check Details

Version: 0.5.3.1
Check: data for non-ASCII characters
Result: NOTE
     Note: found 40588 marked UTF-8 strings
Flavors: r-devel-linux-x86_64-fedora-clang, r-devel-linux-x86_64-fedora-gcc, r-patched-solaris-x86

Version: 0.5.3.1
Check: package dependencies
Result: ERROR
    Packages required but not available: ‘gWidgetsRGtk2’ ‘RGtk2’
    
    See section ‘The DESCRIPTION file’ in the ‘Writing R Extensions’
    manual.
Flavor: r-release-osx-x86_64

Version: 0.5.3.1
Check: package dependencies
Result: ERROR
    Packages required but not available: ‘stacomirtools’ ‘RODBC’
    
    See section ‘The DESCRIPTION file’ in the ‘Writing R Extensions’
    manual.
Flavor: r-oldrel-osx-x86_64