CRAN Package Check Results for Package stagePop

Last updated on 2021-05-06 23:49:48 CEST.

Flavor Version Tinstall Tcheck Ttotal Status Flags
r-devel-linux-x86_64-debian-clang 1.1-1 3.39 35.48 38.87 NOTE
r-devel-linux-x86_64-debian-gcc 1.1-1 2.50 27.16 29.66 NOTE
r-devel-linux-x86_64-fedora-clang 1.1-1 57.12 NOTE
r-devel-linux-x86_64-fedora-gcc 1.1-1 47.02 NOTE
r-devel-windows-ix86+x86_64 1.1-1 6.00 17.00 23.00 ERROR
r-devel-windows-x86_64-gcc10-UCRT 1.1-1 NOTE
r-patched-linux-x86_64 1.1-1 3.36 34.57 37.93 NOTE
r-patched-solaris-x86 1.1-1 65.10 NOTE
r-release-linux-x86_64 1.1-1 3.08 33.44 36.52 NOTE
r-release-macos-x86_64 1.1-1 NOTE
r-release-windows-ix86+x86_64 1.1-1 5.00 40.00 45.00 NOTE
r-oldrel-macos-x86_64 1.1-1 NOTE
r-oldrel-windows-ix86+x86_64 1.1-1 6.00 36.00 42.00 NOTE

Check Details

Version: 1.1-1
Check: R code for possible problems
Result: NOTE
    genericPlot: no visible global function definition for 'dev.new'
    genericPlot: no visible global function definition for 'par'
    genericPlot: no visible global function definition for 'rainbow'
    genericPlot: no visible global function definition for 'lines'
    genericPlot: no visible global function definition for 'legend'
    genericPlot: no visible global function definition for 'dev.copy2pdf'
    genericPlot: no visible global function definition for 'dev.copy2eps'
    genericPlot: no visible global function definition for 'dev.print'
    genericPlot: no visible binding for global variable 'png'
    genericPlot: no visible binding for global variable 'tiff'
    plotStrains: no visible global function definition for 'rainbow'
    plotStrains: no visible global function definition for 'dev.new'
    plotStrains: no visible global function definition for 'par'
    plotStrains: no visible global function definition for 'lines'
    plotStrains: no visible global function definition for 'legend'
    plotStrains: no visible global function definition for 'dev.copy2pdf'
    plotStrains: no visible global function definition for 'dev.copy2eps'
    plotStrains: no visible global function definition for 'dev.print'
    plotStrains: no visible binding for global variable 'png'
    plotStrains: no visible binding for global variable 'tiff'
    Undefined global functions or variables:
     dev.copy2eps dev.copy2pdf dev.new dev.print legend lines par png
     rainbow tiff
    Consider adding
     importFrom("grDevices", "dev.copy2eps", "dev.copy2pdf", "dev.new",
     "dev.print", "png", "rainbow", "tiff")
     importFrom("graphics", "legend", "lines", "par")
    to your NAMESPACE file.
Flavors: r-devel-linux-x86_64-debian-clang, r-devel-linux-x86_64-debian-gcc, r-devel-linux-x86_64-fedora-clang, r-devel-linux-x86_64-fedora-gcc, r-devel-windows-x86_64-gcc10-UCRT, r-patched-linux-x86_64, r-patched-solaris-x86, r-release-linux-x86_64, r-release-macos-x86_64, r-release-windows-ix86+x86_64

Version: 1.1-1
Check: for non-standard things in the check directory
Result: NOTE
    Found the following files/directories:
     'Rplot001.pdf'
Flavors: r-devel-linux-x86_64-debian-clang, r-devel-linux-x86_64-debian-gcc, r-devel-linux-x86_64-fedora-clang, r-devel-linux-x86_64-fedora-gcc, r-patched-linux-x86_64, r-patched-solaris-x86, r-release-linux-x86_64

Version: 1.1-1
Check: whether package can be installed
Result: ERROR
    Installation failed.
Flavor: r-devel-windows-ix86+x86_64

Version: 1.1-1
Check: R code for possible problems
Result: NOTE
    genericPlot: no visible global function definition for ‘dev.new’
    genericPlot: no visible global function definition for ‘par’
    genericPlot: no visible global function definition for ‘rainbow’
    genericPlot: no visible global function definition for ‘plot’
    genericPlot: no visible global function definition for ‘lines’
    genericPlot: no visible global function definition for ‘legend’
    genericPlot: no visible global function definition for ‘dev.copy2pdf’
    genericPlot: no visible global function definition for ‘dev.copy2eps’
    genericPlot: no visible global function definition for ‘dev.print’
    genericPlot: no visible binding for global variable ‘png’
    genericPlot: no visible binding for global variable ‘tiff’
    plotStrains: no visible global function definition for ‘rainbow’
    plotStrains: no visible global function definition for ‘dev.new’
    plotStrains: no visible global function definition for ‘par’
    plotStrains: no visible global function definition for ‘plot’
    plotStrains: no visible global function definition for ‘lines’
    plotStrains: no visible global function definition for ‘legend’
    plotStrains: no visible global function definition for ‘dev.copy2pdf’
    plotStrains: no visible global function definition for ‘dev.copy2eps’
    plotStrains: no visible global function definition for ‘dev.print’
    plotStrains: no visible binding for global variable ‘png’
    plotStrains: no visible binding for global variable ‘tiff’
    Undefined global functions or variables:
     dev.copy2eps dev.copy2pdf dev.new dev.print legend lines par plot png
     rainbow tiff
    Consider adding
     importFrom("grDevices", "dev.copy2eps", "dev.copy2pdf", "dev.new",
     "dev.print", "png", "rainbow", "tiff")
     importFrom("graphics", "legend", "lines", "par", "plot")
    to your NAMESPACE file.
Flavors: r-oldrel-macos-x86_64, r-oldrel-windows-ix86+x86_64