CRAN Package Check Results for Package staggered

Last updated on 2024-02-28 07:53:56 CET.

Flavor Version Tinstall Tcheck Ttotal Status Flags
r-devel-linux-x86_64-debian-clang 1.1 71.75 51.60 123.35 OK
r-devel-linux-x86_64-debian-gcc 1.1 66.21 43.50 109.71 OK
r-devel-linux-x86_64-fedora-clang 1.1 161.53 NOTE
r-devel-linux-x86_64-fedora-gcc 1.1 185.62 NOTE
r-devel-windows-x86_64 1.1 54.00 77.00 131.00 OK
r-patched-linux-x86_64 1.1 61.84 55.54 117.38 OK
r-release-linux-x86_64 1.1 69.55 55.27 124.82 OK
r-release-macos-arm64 1.1 54.00 NOTE
r-release-macos-x86_64 1.1 87.00 NOTE
r-release-windows-x86_64 1.1 70.00 94.00 164.00 OK
r-oldrel-macos-arm64 1.1 53.00 NOTE
r-oldrel-windows-x86_64 1.1 65.00 89.00 154.00 OK

Check Details

Version: 1.1
Check: dependencies in R code
Result: NOTE Namespaces in Imports field not imported from: ‘reshape2’ ‘stats’ All declared Imports should be used. Flavors: r-devel-linux-x86_64-fedora-clang, r-devel-linux-x86_64-fedora-gcc, r-oldrel-macos-arm64

Version: 1.1
Check: installed package size
Result: NOTE installed size is 28.7Mb sub-directories of 1Mb or more: libs 28.2Mb Flavors: r-release-macos-arm64, r-release-macos-x86_64, r-oldrel-macos-arm64