CRAN Package Check Results for Package standardize

Last updated on 2019-02-21 01:51:03 CET.

Flavor Version Tinstall Tcheck Ttotal Status Flags
r-devel-linux-x86_64-debian-clang 0.2.1 5.97 79.52 85.49 OK
r-devel-linux-x86_64-debian-gcc 0.2.1 4.74 62.28 67.02 OK
r-devel-linux-x86_64-fedora-clang 0.2.1 107.14 OK
r-devel-linux-x86_64-fedora-gcc 0.2.1 99.39 OK
r-devel-windows-ix86+x86_64 0.2.1 14.00 126.00 140.00 OK
r-patched-linux-x86_64 0.2.1 NOTE
r-patched-solaris-x86 0.2.1 147.40 OK
r-release-linux-x86_64 0.2.1 NOTE
r-release-windows-ix86+x86_64 0.2.1 9.00 121.00 130.00 OK
r-release-osx-x86_64 0.2.1 OK
r-oldrel-windows-ix86+x86_64 0.2.1 9.00 107.00 116.00 OK
r-oldrel-osx-x86_64 0.2.1 OK

Check Details

Version: 0.2.1
Check: DESCRIPTION meta-information
Result: NOTE
    Dependence on R version ‘3.3.3’ not with patchlevel 0
Flavors: r-patched-linux-x86_64, r-release-linux-x86_64