CRAN Package Check Results for Package standardize

Last updated on 2018-05-26 00:47:00 CEST.

Flavor Version Tinstall Tcheck Ttotal Status Flags
r-devel-linux-x86_64-debian-clang 0.2.1 6.69 89.58 96.27 OK
r-devel-linux-x86_64-debian-gcc 0.2.1 5.16 70.19 75.35 OK
r-devel-linux-x86_64-fedora-clang 0.2.1 115.36 OK
r-devel-linux-x86_64-fedora-gcc 0.2.1 110.80 OK
r-devel-windows-ix86+x86_64 0.2.1 11.00 87.00 98.00 OK
r-patched-linux-x86_64 0.2.1 4.48 74.59 79.07 NOTE
r-patched-solaris-x86 0.2.1 161.70 OK
r-release-linux-x86_64 0.2.1 5.37 74.49 79.86 NOTE
r-release-windows-ix86+x86_64 0.2.1 12.00 122.00 134.00 OK
r-release-osx-x86_64 0.2.1 OK
r-oldrel-windows-ix86+x86_64 0.2.1 11.00 88.00 99.00 OK
r-oldrel-osx-x86_64 0.2.1 OK

Check Details

Version: 0.2.1
Check: DESCRIPTION meta-information
Result: NOTE
    Dependence on R version ‘3.3.3’ not with patchlevel 0
Flavors: r-patched-linux-x86_64, r-release-linux-x86_64