CRAN Package Check Results for Package standardize

Last updated on 2018-08-20 11:49:01 CEST.

Flavor Version Tinstall Tcheck Ttotal Status Flags
r-devel-linux-x86_64-debian-clang 0.2.1 6.99 90.40 97.39 OK
r-devel-linux-x86_64-debian-gcc 0.2.1 5.05 72.48 77.53 OK
r-devel-linux-x86_64-fedora-clang 0.2.1 113.16 OK
r-devel-linux-x86_64-fedora-gcc 0.2.1 115.52 OK
r-devel-windows-ix86+x86_64 0.2.1 14.00 148.00 162.00 OK
r-patched-linux-x86_64 0.2.1 5.45 75.41 80.86 NOTE
r-patched-solaris-x86 0.2.1 163.90 OK
r-release-linux-x86_64 0.2.1 4.14 74.73 78.87 NOTE
r-release-windows-ix86+x86_64 0.2.1 13.00 84.00 97.00 OK
r-release-osx-x86_64 0.2.1 OK
r-oldrel-windows-ix86+x86_64 0.2.1 1.00 5.00 6.00 OK
r-oldrel-osx-x86_64 0.2.1 OK

Check Details

Version: 0.2.1
Check: DESCRIPTION meta-information
Result: NOTE
    Dependence on R version ‘3.3.3’ not with patchlevel 0
Flavors: r-patched-linux-x86_64, r-release-linux-x86_64