CRAN Package Check Results for Package standardize

Last updated on 2018-02-21 18:48:20 CET.

Flavor Version Tinstall Tcheck Ttotal Status Flags
r-devel-linux-x86_64-debian-clang 0.2.1 4.14 75.84 79.98 NOTE
r-devel-linux-x86_64-debian-gcc 0.2.1 4.62 60.08 64.70 NOTE
r-devel-linux-x86_64-fedora-clang 0.2.1 105.49 NOTE
r-devel-linux-x86_64-fedora-gcc 0.2.1 97.44 NOTE
r-devel-windows-ix86+x86_64 0.2.1 8.00 86.00 94.00 OK
r-patched-linux-x86_64 0.2.1 3.68 86.72 90.40 OK
r-patched-solaris-x86 0.2.1 171.60 OK
r-release-linux-x86_64 0.2.1 5.01 86.84 91.85 OK
r-release-windows-ix86+x86_64 0.2.1 12.00 130.00 142.00 OK
r-release-osx-x86_64 0.2.1 OK
r-oldrel-windows-ix86+x86_64 0.2.1 8.00 87.00 95.00 OK
r-oldrel-osx-x86_64 0.2.1 ERROR

Check Details

Version: 0.2.1
Check: DESCRIPTION meta-information
Result: NOTE
    Dependence on R version ‘3.3.3’ not with patchlevel 0
Flavors: r-devel-linux-x86_64-debian-clang, r-devel-linux-x86_64-debian-gcc, r-devel-linux-x86_64-fedora-clang, r-devel-linux-x86_64-fedora-gcc

Version: 0.2.1
Check: whether package can be installed
Result: ERROR
    Installation failed.
Flavor: r-oldrel-osx-x86_64