CRAN Package Check Results for Package standartox

Last updated on 2021-09-17 07:51:44 CEST.

Flavor Version Tinstall Tcheck Ttotal Status Flags
r-devel-linux-x86_64-debian-clang 0.0.1 3.10 33.19 36.29 OK
r-devel-linux-x86_64-debian-gcc 0.0.1 2.41 24.95 27.36 OK
r-devel-linux-x86_64-fedora-clang 0.0.1 51.94 NOTE
r-devel-linux-x86_64-fedora-gcc 0.0.1 40.68 NOTE
r-devel-windows-x86_64 0.0.1 10.00 52.00 62.00 OK
r-devel-windows-x86_64-gcc10-UCRT 0.0.1 NOTE
r-patched-linux-x86_64 0.0.1 2.87 30.92 33.79 OK
r-patched-solaris-x86 0.0.1 65.10 NOTE
r-release-linux-x86_64 0.0.1 3.21 30.74 33.95 OK
r-release-macos-arm64 0.0.1 NOTE
r-release-macos-x86_64 0.0.1 NOTE
r-release-windows-ix86+x86_64 0.0.1 8.00 38.00 46.00 OK
r-oldrel-macos-x86_64 0.0.1 NOTE
r-oldrel-windows-ix86+x86_64 0.0.1 7.00 45.00 52.00 OK

Check Details

Version: 0.0.1
Check: dependencies in R code
Result: NOTE
    Namespace in Imports field not imported from: ‘curl’
     All declared Imports should be used.
Flavors: r-devel-linux-x86_64-fedora-clang, r-devel-linux-x86_64-fedora-gcc, r-devel-windows-x86_64-gcc10-UCRT, r-patched-solaris-x86, r-release-macos-arm64, r-release-macos-x86_64, r-oldrel-macos-x86_64