CRAN Package Check Results for Package staplr

Last updated on 2022-12-04 17:50:54 CET.

Flavor Version Tinstall Tcheck Ttotal Status Flags
r-devel-linux-x86_64-debian-clang 3.1.1 6.24 125.87 132.11 NOTE
r-devel-linux-x86_64-debian-gcc 3.1.1 4.97 101.77 106.74 NOTE
r-devel-linux-x86_64-fedora-clang 3.1.1 179.26 NOTE
r-devel-linux-x86_64-fedora-gcc 3.1.1 145.80 NOTE
r-devel-windows-x86_64 3.1.1 488.00 127.00 615.00 NOTE
r-patched-linux-x86_64 3.1.1 8.39 134.49 142.88 NOTE
r-release-linux-x86_64 3.1.1 7.01 131.03 138.04 NOTE
r-release-macos-arm64 3.1.1 56.00 NOTE
r-release-macos-x86_64 3.1.1 60.00 NOTE
r-release-windows-x86_64 3.1.1 70.00 135.00 205.00 NOTE
r-oldrel-macos-arm64 3.1.1 97.00 NOTE
r-oldrel-macos-x86_64 3.1.1 109.00 NOTE
r-oldrel-windows-ix86+x86_64 3.1.1 14.00 132.00 146.00 NOTE

Check Details

Version: 3.1.1
Check: LazyData
Result: NOTE
     'LazyData' is specified without a 'data' directory
Flavors: r-devel-linux-x86_64-debian-clang, r-devel-linux-x86_64-debian-gcc, r-devel-linux-x86_64-fedora-clang, r-devel-linux-x86_64-fedora-gcc, r-devel-windows-x86_64, r-patched-linux-x86_64, r-release-linux-x86_64, r-release-macos-arm64, r-release-macos-x86_64, r-release-windows-x86_64, r-oldrel-macos-arm64, r-oldrel-macos-x86_64, r-oldrel-windows-ix86+x86_64

Version: 3.1.1
Check: package dependencies
Result: NOTE
    Package suggested but not available for checking: ‘pdftools’
Flavor: r-release-macos-x86_64