CRAN Package Check Results for Package starmie

Last updated on 2018-02-18 08:48:15 CET.

Flavor Version Tinstall Tcheck Ttotal Status Flags
r-devel-linux-x86_64-debian-clang 0.1.2 6.01 152.14 158.15 OK
r-devel-linux-x86_64-debian-gcc 0.1.2 4.72 111.94 116.66 OK
r-devel-linux-x86_64-fedora-clang 0.1.2 179.47 NOTE
r-devel-linux-x86_64-fedora-gcc 0.1.2 171.51 NOTE
r-devel-windows-ix86+x86_64 0.1.2 14.00 155.00 169.00 NOTE
r-patched-linux-x86_64 0.1.2 6.07 163.14 169.21 OK
r-patched-solaris-x86 0.1.2 276.10 NOTE
r-release-linux-x86_64 0.1.2 5.34 163.80 169.14 OK
r-release-windows-ix86+x86_64 0.1.2 21.00 159.00 180.00 NOTE
r-release-osx-x86_64 0.1.2 NOTE
r-oldrel-windows-ix86+x86_64 0.1.2 13.00 208.00 221.00 NOTE
r-oldrel-osx-x86_64 0.1.2 NOTE

Check Details

Version: 0.1.2
Check: installed package size
Result: NOTE
     installed size is 7.0Mb
     sub-directories of 1Mb or more:
     doc 1.1Mb
     extdata 4.9Mb
Flavors: r-devel-linux-x86_64-fedora-clang, r-devel-linux-x86_64-fedora-gcc, r-devel-windows-ix86+x86_64, r-patched-solaris-x86, r-release-windows-ix86+x86_64, r-release-osx-x86_64, r-oldrel-windows-ix86+x86_64, r-oldrel-osx-x86_64

Version: 0.1.2
Check: dependencies in R code
Result: NOTE
    Namespace in Imports field not imported from: ‘MCMCpack’
     All declared Imports should be used.
Flavors: r-devel-linux-x86_64-fedora-clang, r-devel-linux-x86_64-fedora-gcc, r-patched-solaris-x86, r-release-osx-x86_64, r-oldrel-osx-x86_64