CRAN Package Check Results for Package starmie

Last updated on 2018-05-23 00:47:01 CEST.

Flavor Version Tinstall Tcheck Ttotal Status Flags
r-devel-linux-x86_64-debian-clang 0.1.2 8.03 156.62 164.65 OK
r-devel-linux-x86_64-debian-gcc 0.1.2 7.15 118.99 126.14 OK
r-devel-linux-x86_64-fedora-clang 0.1.2 196.24 NOTE
r-devel-linux-x86_64-fedora-gcc 0.1.2 190.26 NOTE
r-devel-windows-ix86+x86_64 0.1.2 16.00 222.00 238.00 NOTE
r-patched-linux-x86_64 0.1.2 7.63 146.69 154.32 OK
r-patched-solaris-x86 0.1.2 264.50 NOTE
r-release-linux-x86_64 0.1.2 8.26 144.04 152.30 OK
r-release-windows-ix86+x86_64 0.1.2 24.00 213.00 237.00 NOTE
r-release-osx-x86_64 0.1.2 NOTE
r-oldrel-windows-ix86+x86_64 0.1.2 20.00 234.00 254.00 NOTE
r-oldrel-osx-x86_64 0.1.2 NOTE

Check Details

Version: 0.1.2
Check: installed package size
Result: NOTE
     installed size is 7.0Mb
     sub-directories of 1Mb or more:
     doc 1.1Mb
     extdata 4.9Mb
Flavors: r-devel-linux-x86_64-fedora-clang, r-devel-linux-x86_64-fedora-gcc, r-devel-windows-ix86+x86_64, r-patched-solaris-x86, r-release-windows-ix86+x86_64, r-release-osx-x86_64, r-oldrel-windows-ix86+x86_64, r-oldrel-osx-x86_64

Version: 0.1.2
Check: dependencies in R code
Result: NOTE
    Namespace in Imports field not imported from: ‘MCMCpack’
     All declared Imports should be used.
Flavors: r-devel-linux-x86_64-fedora-clang, r-devel-linux-x86_64-fedora-gcc, r-patched-solaris-x86, r-release-osx-x86_64, r-oldrel-osx-x86_64