CRAN Package Check Results for Package starmie

Last updated on 2018-08-21 10:50:44 CEST.

Flavor Version Tinstall Tcheck Ttotal Status Flags
r-devel-linux-x86_64-debian-clang 0.1.2 8.87 162.36 171.23 OK
r-devel-linux-x86_64-debian-gcc 0.1.2 8.31 126.18 134.49 OK
r-devel-linux-x86_64-fedora-clang 0.1.2 201.21 NOTE
r-devel-linux-x86_64-fedora-gcc 0.1.2 207.16 NOTE
r-devel-windows-ix86+x86_64 0.1.2 24.00 245.00 269.00 NOTE
r-patched-linux-x86_64 0.1.2 7.57 149.28 156.85 OK
r-patched-solaris-x86 0.1.2 278.90 NOTE
r-release-linux-x86_64 0.1.2 7.80 147.21 155.01 OK
r-release-windows-ix86+x86_64 0.1.2 27.00 163.00 190.00 NOTE
r-release-osx-x86_64 0.1.2 NOTE
r-oldrel-windows-ix86+x86_64 0.1.2 18.00 240.00 258.00 NOTE
r-oldrel-osx-x86_64 0.1.2 NOTE

Check Details

Version: 0.1.2
Check: installed package size
Result: NOTE
     installed size is 7.0Mb
     sub-directories of 1Mb or more:
     doc 1.1Mb
     extdata 4.9Mb
Flavors: r-devel-linux-x86_64-fedora-clang, r-devel-windows-ix86+x86_64, r-patched-solaris-x86, r-release-windows-ix86+x86_64, r-release-osx-x86_64, r-oldrel-windows-ix86+x86_64, r-oldrel-osx-x86_64

Version: 0.1.2
Check: dependencies in R code
Result: NOTE
    Namespace in Imports field not imported from: ‘MCMCpack’
     All declared Imports should be used.
Flavors: r-devel-linux-x86_64-fedora-clang, r-devel-linux-x86_64-fedora-gcc, r-patched-solaris-x86, r-release-osx-x86_64, r-oldrel-osx-x86_64