CRAN Package Check Results for Package starmie

Last updated on 2018-11-17 12:51:42 CET.

Flavor Version Tinstall Tcheck Ttotal Status Flags
r-devel-linux-x86_64-debian-clang 0.1.2 7.96 152.69 160.65 OK
r-devel-linux-x86_64-debian-gcc 0.1.2 6.91 117.49 124.40 OK
r-devel-linux-x86_64-fedora-clang 0.1.2 206.65 NOTE
r-devel-linux-x86_64-fedora-gcc 0.1.2 181.27 NOTE
r-devel-windows-ix86+x86_64 0.1.2 23.00 164.00 187.00 NOTE
r-patched-linux-x86_64 0.1.2 7.24 147.20 154.44 OK
r-patched-solaris-x86 0.1.2 285.00 NOTE
r-release-linux-x86_64 0.1.2 8.10 146.51 154.61 OK
r-release-windows-ix86+x86_64 0.1.2 26.00 243.00 269.00 NOTE
r-release-osx-x86_64 0.1.2 NOTE
r-oldrel-windows-ix86+x86_64 0.1.2 22.00 257.00 279.00 NOTE
r-oldrel-osx-x86_64 0.1.2 NOTE

Check Details

Version: 0.1.2
Check: installed package size
Result: NOTE
     installed size is 7.0Mb
     sub-directories of 1Mb or more:
     doc 1.1Mb
     extdata 4.9Mb
Flavors: r-devel-linux-x86_64-fedora-clang, r-devel-windows-ix86+x86_64, r-patched-solaris-x86, r-release-windows-ix86+x86_64, r-release-osx-x86_64, r-oldrel-windows-ix86+x86_64, r-oldrel-osx-x86_64

Version: 0.1.2
Check: dependencies in R code
Result: NOTE
    Namespace in Imports field not imported from: ‘MCMCpack’
     All declared Imports should be used.
Flavors: r-devel-linux-x86_64-fedora-clang, r-devel-linux-x86_64-fedora-gcc, r-patched-solaris-x86, r-release-osx-x86_64, r-oldrel-osx-x86_64