CRAN Package Check Results for Package startR

Last updated on 2021-04-14 08:48:33 CEST.

Flavor Version Tinstall Tcheck Ttotal Status Flags
r-devel-linux-x86_64-debian-clang 2.1.0 17.38 90.68 108.06 NOTE
r-devel-linux-x86_64-debian-gcc 2.1.0 15.01 67.31 82.32 NOTE
r-devel-linux-x86_64-fedora-clang 2.1.0 134.71 NOTE
r-devel-linux-x86_64-fedora-gcc 2.1.0 126.16 NOTE
r-devel-windows-ix86+x86_64 2.1.0 32.00 108.00 140.00 NOTE
r-devel-windows-x86_64-gcc10-UCRT 2.1.0 NOTE
r-patched-linux-x86_64 2.1.0 15.15 82.26 97.41 OK
r-patched-solaris-x86 2.1.0 168.20 OK
r-release-linux-x86_64 2.1.0 16.65 83.96 100.61 OK
r-release-macos-x86_64 2.1.0 OK
r-release-windows-ix86+x86_64 2.1.0 23.00 121.00 144.00 OK
r-oldrel-macos-x86_64 2.1.0 OK
r-oldrel-windows-ix86+x86_64 2.1.0 30.00 76.00 106.00 OK

Check Details

Version: 2.1.0
Check: LazyData
Result: NOTE
     'LazyData' is specified without a 'data' directory
Flavors: r-devel-linux-x86_64-debian-clang, r-devel-linux-x86_64-debian-gcc, r-devel-linux-x86_64-fedora-clang, r-devel-linux-x86_64-fedora-gcc, r-devel-windows-ix86+x86_64, r-devel-windows-x86_64-gcc10-UCRT