CRAN Package Check Results for Package starvz

Last updated on 2024-02-25 19:50:12 CET.

Flavor Version Tinstall Tcheck Ttotal Status Flags
r-devel-linux-x86_64-debian-clang 0.7.1 0.67 1.67 2.34 ERROR
r-devel-linux-x86_64-debian-gcc 0.8.0 60.65 108.57 169.22 OK
r-devel-linux-x86_64-fedora-clang 0.8.0 302.49 NOTE
r-devel-linux-x86_64-fedora-gcc 0.8.0 296.73 OK
r-devel-windows-x86_64 0.7.1 59.00 145.00 204.00 OK
r-patched-linux-x86_64 0.7.1 57.91 142.72 200.63 OK
r-release-linux-x86_64 0.8.0 49.87 140.83 190.70 OK
r-release-macos-arm64 0.8.0 67.00 OK
r-release-macos-x86_64 0.8.0 137.00 OK
r-release-windows-x86_64 0.8.0 58.00 160.00 218.00 OK
r-oldrel-macos-arm64 0.8.0 68.00 OK
r-oldrel-windows-x86_64 0.8.0 57.00 157.00 214.00 OK

Check Details

Version: 0.7.1
Check: package dependencies
Result: ERROR Package required but not available: ‘arrow’ See section ‘The DESCRIPTION file’ in the ‘Writing R Extensions’ manual. Flavor: r-devel-linux-x86_64-debian-clang

Version: 0.8.0
Check: package dependencies
Result: NOTE Package suggested but not available for checking: ‘arrow’ Flavor: r-devel-linux-x86_64-fedora-clang