CRAN Package Check Results for Package starwarsdb

Last updated on 2022-12-09 11:53:22 CET.

Flavor Version Tinstall Tcheck Ttotal Status Flags
r-devel-linux-x86_64-debian-clang 0.1.2 2.49 38.76 41.25 OK
r-devel-linux-x86_64-debian-gcc 0.1.2 1.86 29.89 31.75 OK
r-devel-linux-x86_64-fedora-clang 0.1.2 63.43 NOTE
r-devel-linux-x86_64-fedora-gcc 0.1.2 74.64 NOTE
r-devel-windows-x86_64 0.1.2 17.00 67.00 84.00 OK
r-patched-linux-x86_64 0.1.2 2.07 35.26 37.33 OK
r-release-linux-x86_64 0.1.2 2.33 36.61 38.94 OK
r-release-macos-arm64 0.1.2 25.00 NOTE
r-release-macos-x86_64 0.1.2 33.00 NOTE
r-release-windows-x86_64 0.1.2 22.00 67.00 89.00 OK
r-oldrel-macos-arm64 0.1.2 27.00 NOTE
r-oldrel-macos-x86_64 0.1.2 37.00 NOTE
r-oldrel-windows-ix86+x86_64 0.1.2 8.00 72.00 80.00 OK

Check Details

Version: 0.1.2
Check: data for non-ASCII characters
Result: NOTE
     Note: found 14 marked UTF-8 strings
Flavors: r-devel-linux-x86_64-fedora-clang, r-devel-linux-x86_64-fedora-gcc, r-release-macos-arm64, r-release-macos-x86_64, r-oldrel-macos-arm64, r-oldrel-macos-x86_64