CRAN Package Check Results for Package states

Last updated on 2018-06-23 10:50:00 CEST.

Flavor Version Tinstall Tcheck Ttotal Status Flags
r-devel-linux-x86_64-debian-clang 0.2.1 2.06 39.97 42.03 OK
r-devel-linux-x86_64-debian-gcc 0.2.1 1.81 31.15 32.96 OK
r-devel-linux-x86_64-fedora-clang 0.2.1 49.49 NOTE
r-devel-linux-x86_64-fedora-gcc 0.2.1 47.01 NOTE
r-devel-windows-ix86+x86_64 0.2.1 7.00 56.00 63.00 OK
r-patched-linux-x86_64 0.2.1 2.23 36.22 38.45 OK
r-patched-solaris-x86 0.2.1 75.30 NOTE
r-release-linux-x86_64 0.2.1 2.28 35.66 37.94 OK
r-release-windows-ix86+x86_64 0.2.1 4.00 56.00 60.00 OK
r-release-osx-x86_64 0.2.1 NOTE
r-oldrel-windows-ix86+x86_64 0.2.1 8.00 82.00 90.00 OK
r-oldrel-osx-x86_64 0.2.0 NOTE

Check Details

Version: 0.2.1
Check: dependencies in R code
Result: NOTE
    Namespace in Imports field not imported from: ‘lubridate’
     All declared Imports should be used.
Flavors: r-devel-linux-x86_64-fedora-clang, r-devel-linux-x86_64-fedora-gcc, r-patched-solaris-x86, r-release-osx-x86_64

Version: 0.2.1
Check: data for non-ASCII characters
Result: NOTE
     Note: found 3 marked UTF-8 strings
Flavors: r-devel-linux-x86_64-fedora-clang, r-devel-linux-x86_64-fedora-gcc, r-patched-solaris-x86, r-release-osx-x86_64

Version: 0.2.0
Check: dependencies in R code
Result: NOTE
    Namespace in Imports field not imported from: ‘lubridate’
     All declared Imports should be used.
Flavor: r-oldrel-osx-x86_64

Version: 0.2.0
Check: data for non-ASCII characters
Result: NOTE
     Note: found 3 marked UTF-8 strings
Flavor: r-oldrel-osx-x86_64