CRAN Package Check Results for Package states

Last updated on 2018-09-24 16:51:08 CEST.

Flavor Version Tinstall Tcheck Ttotal Status Flags
r-devel-linux-x86_64-debian-clang 0.2.1 2.86 43.30 46.16 OK
r-devel-linux-x86_64-debian-gcc 0.2.1 2.35 32.68 35.03 OK
r-devel-linux-x86_64-fedora-clang 0.2.1 52.15 NOTE
r-devel-linux-x86_64-fedora-gcc 0.2.1 49.40 NOTE
r-devel-windows-ix86+x86_64 0.2.1 8.00 60.00 68.00 OK
r-patched-linux-x86_64 0.2.1 2.18 36.05 38.23 OK
r-patched-solaris-x86 0.2.1 75.60 NOTE
r-release-linux-x86_64 0.2.1 1.86 36.66 38.52 OK
r-release-windows-ix86+x86_64 0.2.1 7.00 78.00 85.00 OK
r-release-osx-x86_64 0.2.1 NOTE
r-oldrel-windows-ix86+x86_64 0.2.1 5.00 101.00 106.00 OK
r-oldrel-osx-x86_64 0.2.1 NOTE

Check Details

Version: 0.2.1
Check: dependencies in R code
Result: NOTE
    Namespace in Imports field not imported from: ‘lubridate’
     All declared Imports should be used.
Flavors: r-devel-linux-x86_64-fedora-clang, r-devel-linux-x86_64-fedora-gcc, r-patched-solaris-x86, r-release-osx-x86_64, r-oldrel-osx-x86_64

Version: 0.2.1
Check: data for non-ASCII characters
Result: NOTE
     Note: found 3 marked UTF-8 strings
Flavors: r-devel-linux-x86_64-fedora-clang, r-devel-linux-x86_64-fedora-gcc, r-patched-solaris-x86, r-release-osx-x86_64, r-oldrel-osx-x86_64