CRAN Package Check Results for Package states

Last updated on 2018-12-18 14:47:40 CET.

Flavor Version Tinstall Tcheck Ttotal Status Flags
r-devel-linux-x86_64-debian-clang 0.2.1 2.51 39.62 42.13 OK
r-devel-linux-x86_64-debian-gcc 0.2.1 2.07 30.98 33.05 OK
r-devel-linux-x86_64-fedora-clang 0.2.1 49.24 NOTE
r-devel-linux-x86_64-fedora-gcc 0.2.1 46.40 NOTE
r-devel-windows-ix86+x86_64 0.2.1 5.00 79.00 84.00 OK
r-patched-linux-x86_64 0.2.1 1.81 36.41 38.22 OK
r-patched-solaris-x86 0.2.1 74.30 NOTE
r-release-linux-x86_64 0.2.1 1.48 36.97 38.45 OK
r-release-windows-ix86+x86_64 0.2.1 10.00 83.00 93.00 OK
r-release-osx-x86_64 0.2.1 NOTE
r-oldrel-windows-ix86+x86_64 0.2.1 8.00 85.00 93.00 OK
r-oldrel-osx-x86_64 0.2.1 NOTE

Check Details

Version: 0.2.1
Check: dependencies in R code
Result: NOTE
    Namespace in Imports field not imported from: ‘lubridate’
     All declared Imports should be used.
Flavors: r-devel-linux-x86_64-fedora-clang, r-devel-linux-x86_64-fedora-gcc, r-patched-solaris-x86, r-release-osx-x86_64, r-oldrel-osx-x86_64

Version: 0.2.1
Check: data for non-ASCII characters
Result: NOTE
     Note: found 3 marked UTF-8 strings
Flavors: r-devel-linux-x86_64-fedora-clang, r-devel-linux-x86_64-fedora-gcc, r-patched-solaris-x86, r-release-osx-x86_64, r-oldrel-osx-x86_64