CRAN Package Check Results for Package statespacer

Last updated on 2022-06-25 00:50:59 CEST.

Flavor Version Tinstall Tcheck Ttotal Status Flags
r-devel-linux-x86_64-debian-clang 0.4.1 129.30 138.31 267.61 OK
r-devel-linux-x86_64-debian-gcc 0.4.1 93.30 108.98 202.28 OK
r-devel-linux-x86_64-fedora-clang 0.4.1 362.68 NOTE
r-devel-linux-x86_64-fedora-gcc 0.4.1 324.52 OK
r-devel-windows-x86_64 0.4.1 107.00 187.00 294.00 OK
r-patched-linux-x86_64 0.4.1 94.61 130.08 224.69 OK
r-release-linux-x86_64 0.4.1 98.05 130.38 228.43 OK
r-release-macos-arm64 0.4.1 88.00 NOTE
r-release-macos-x86_64 0.4.1 116.00 NOTE
r-release-windows-x86_64 0.4.1 112.00 181.00 293.00 OK
r-oldrel-macos-arm64 0.4.1 91.00 NOTE
r-oldrel-macos-x86_64 0.4.1 111.00 NOTE
r-oldrel-windows-ix86+x86_64 0.4.1 269.00 198.00 467.00 OK

Check Details

Version: 0.4.1
Check: installed package size
Result: NOTE
     installed size is 5.2Mb
     sub-directories of 1Mb or more:
     libs 4.5Mb
Flavors: r-devel-linux-x86_64-fedora-clang, r-release-macos-arm64, r-release-macos-x86_64, r-oldrel-macos-arm64, r-oldrel-macos-x86_64