Last updated on 2023-06-05 02:58:33 CEST.
Flavor | Version | Tinstall | Tcheck | Ttotal | Status | Flags |
---|---|---|---|---|---|---|
r-devel-linux-x86_64-debian-clang | 0.5.0 | 130.47 | 149.77 | 280.24 | OK | |
r-devel-linux-x86_64-debian-gcc | 0.5.0 | 93.17 | 118.41 | 211.58 | OK | |
r-devel-linux-x86_64-fedora-clang | 0.5.0 | 397.30 | OK | |||
r-devel-linux-x86_64-fedora-gcc | 0.5.0 | 371.60 | OK | |||
r-devel-windows-x86_64 | 0.5.0 | 89.00 | 144.00 | 233.00 | OK | |
r-patched-linux-x86_64 | 0.5.0 | 97.22 | 142.88 | 240.10 | OK | |
r-release-linux-x86_64 | 0.5.0 | 98.20 | 142.93 | 241.13 | OK | |
r-release-macos-arm64 | 0.5.0 | 111.00 | NOTE | |||
r-release-macos-x86_64 | 0.5.0 | 181.00 | NOTE | |||
r-release-windows-x86_64 | 0.5.0 | 114.00 | 183.00 | 297.00 | OK | |
r-oldrel-macos-arm64 | 0.5.0 | 93.00 | NOTE | |||
r-oldrel-macos-x86_64 | 0.5.0 | 116.00 | NOTE | |||
r-oldrel-windows-x86_64 | 0.5.0 | 113.00 | 172.00 | 285.00 | OK |
Version: 0.5.0
Check: installed package size
Result: NOTE
installed size is 7.1Mb
sub-directories of 1Mb or more:
libs 6.4Mb
Flavors: r-release-macos-arm64, r-release-macos-x86_64, r-oldrel-macos-arm64, r-oldrel-macos-x86_64