CRAN Package Check Results for Package statgenHTP

Last updated on 2021-05-18 17:48:27 CEST.

Flavor Version Tinstall Tcheck Ttotal Status Flags
r-devel-linux-x86_64-debian-clang 1.0.1 12.83 364.49 377.32 NOTE
r-devel-linux-x86_64-debian-gcc 1.0.1 10.67 270.60 281.27 NOTE
r-devel-linux-x86_64-fedora-clang 1.0.1 444.00 NOTE
r-devel-linux-x86_64-fedora-gcc 1.0.1 432.65 NOTE
r-devel-windows-ix86+x86_64 1.0.1 26.00 455.00 481.00 NOTE
r-devel-windows-x86_64-gcc10-UCRT 1.0.1 NOTE
r-patched-linux-x86_64 1.0.1 11.29 345.55 356.84 NOTE
r-patched-solaris-x86 1.0.1 749.60 NOTE
r-release-linux-x86_64 1.0.1 12.39 342.75 355.14 NOTE
r-release-macos-x86_64 1.0.1 NOTE
r-release-windows-ix86+x86_64 1.0.1 21.00 346.00 367.00 NOTE
r-oldrel-macos-x86_64 1.0.1 NOTE
r-oldrel-windows-ix86+x86_64 1.0.1 21.00 460.00 481.00 NOTE

Check Details

Version: 1.0.1
Check: package dependencies
Result: NOTE
    Package suggested but not available for checking: 'asreml'
Flavors: r-devel-linux-x86_64-debian-clang, r-devel-linux-x86_64-debian-gcc, r-devel-linux-x86_64-fedora-clang, r-devel-linux-x86_64-fedora-gcc, r-devel-windows-ix86+x86_64, r-devel-windows-x86_64-gcc10-UCRT, r-patched-linux-x86_64, r-patched-solaris-x86, r-release-linux-x86_64, r-release-macos-x86_64, r-release-windows-ix86+x86_64, r-oldrel-macos-x86_64, r-oldrel-windows-ix86+x86_64