CRAN Package Check Results for Package stationaRy

Last updated on 2018-05-25 06:49:18 CEST.

Flavor Version Tinstall Tcheck Ttotal Status Flags
r-devel-linux-x86_64-debian-clang 0.4.1 5.07 102.83 107.90 WARN
r-devel-linux-x86_64-debian-gcc 0.4.1 4.55 94.16 98.71 WARN
r-devel-linux-x86_64-fedora-clang 0.4.1 138.83 NOTE
r-devel-linux-x86_64-fedora-gcc 0.4.1 132.73 NOTE
r-devel-windows-ix86+x86_64 0.4.1 9.00 188.00 197.00 NOTE
r-patched-linux-x86_64 0.4.1 3.83 109.88 113.71 OK
r-patched-solaris-x86 0.4.1 277.50 NOTE
r-release-linux-x86_64 0.4.1 4.42 110.64 115.06 OK
r-release-windows-ix86+x86_64 0.4.1 12.00 196.00 208.00 NOTE
r-release-osx-x86_64 0.4.1 NOTE
r-oldrel-windows-ix86+x86_64 0.4.1 15.00 189.00 204.00 NOTE
r-oldrel-osx-x86_64 0.4.1 NOTE

Check Details

Version: 0.4.1
Check: for unstated dependencies in ‘tests’
Result: WARN
    'library' or 'require' call not declared from: ‘magrittr’
Flavors: r-devel-linux-x86_64-debian-clang, r-devel-linux-x86_64-debian-gcc

Version: 0.4.1
Check: installed package size
Result: NOTE
     installed size is 8.2Mb
Flavors: r-devel-linux-x86_64-fedora-clang, r-devel-linux-x86_64-fedora-gcc, r-devel-windows-ix86+x86_64, r-patched-solaris-x86, r-release-windows-ix86+x86_64, r-release-osx-x86_64, r-oldrel-windows-ix86+x86_64, r-oldrel-osx-x86_64