CRAN Package Check Results for Package stationaRy

Last updated on 2018-02-25 09:50:40 CET.

Flavor Version Tinstall Tcheck Ttotal Status Flags
r-devel-linux-x86_64-debian-clang 0.4.1 5.16 114.50 119.66 OK
r-devel-linux-x86_64-debian-gcc 0.4.1 3.32 85.92 89.24 OK
r-devel-linux-x86_64-fedora-clang 0.4.1 132.45 NOTE
r-devel-linux-x86_64-fedora-gcc 0.4.1 126.24 NOTE
r-devel-windows-ix86+x86_64 0.4.1 14.00 167.00 181.00 NOTE
r-patched-linux-x86_64 0.4.1 2.30 114.78 117.08 OK
r-patched-solaris-x86 0.4.1 214.00 NOTE
r-release-linux-x86_64 0.4.1 3.62 111.23 114.85 OK
r-release-windows-ix86+x86_64 0.4.1 10.00 166.00 176.00 NOTE
r-release-osx-x86_64 0.4.1 NOTE
r-oldrel-windows-ix86+x86_64 0.4.1 8.00 139.00 147.00 NOTE
r-oldrel-osx-x86_64 0.4.1 NOTE

Check Details

Version: 0.4.1
Check: installed package size
Result: NOTE
     installed size is 8.2Mb
Flavors: r-devel-linux-x86_64-fedora-clang, r-devel-linux-x86_64-fedora-gcc, r-devel-windows-ix86+x86_64, r-patched-solaris-x86, r-release-windows-ix86+x86_64, r-release-osx-x86_64, r-oldrel-windows-ix86+x86_64, r-oldrel-osx-x86_64