CRAN Package Check Results for Package stationaRy

Last updated on 2019-01-24 04:51:57 CET.

Flavor Version Tinstall Tcheck Ttotal Status Flags
r-release-osx-x86_64 0.4.1 NOTE
r-oldrel-osx-x86_64 0.4.1 NOTE

Check Details

Version: 0.4.1
Check: installed package size
Result: NOTE
     installed size is 8.2Mb
Flavors: r-release-osx-x86_64, r-oldrel-osx-x86_64