CRAN Package Check Results for Package statip

Last updated on 2022-12-08 23:00:01 CET.

Flavor Version Tinstall Tcheck Ttotal Status Flags
r-devel-linux-x86_64-debian-clang 0.2.3 4.19 32.72 36.91 NOTE
r-devel-linux-x86_64-debian-gcc 0.2.3 2.69 26.85 29.54 NOTE
r-devel-linux-x86_64-fedora-clang 0.2.3 55.01 NOTE
r-devel-linux-x86_64-fedora-gcc 0.2.3 53.80 NOTE
r-devel-windows-x86_64 0.2.3 12.00 72.00 84.00 NOTE
r-patched-linux-x86_64 0.2.3 3.24 30.07 33.31 NOTE
r-release-linux-x86_64 0.2.3 3.63 30.35 33.98 NOTE
r-release-macos-arm64 0.2.3 18.00 NOTE
r-release-macos-x86_64 0.2.3 25.00 NOTE
r-release-windows-x86_64 0.2.3 27.00 63.00 90.00 NOTE
r-oldrel-macos-arm64 0.2.3 23.00 NOTE
r-oldrel-macos-x86_64 0.2.3 36.00 NOTE
r-oldrel-windows-ix86+x86_64 0.2.3 11.00 66.00 77.00 NOTE

Check Details

Version: 0.2.3
Check: LazyData
Result: NOTE
     'LazyData' is specified without a 'data' directory
Flavors: r-devel-linux-x86_64-debian-clang, r-devel-linux-x86_64-debian-gcc, r-devel-linux-x86_64-fedora-clang, r-devel-linux-x86_64-fedora-gcc, r-devel-windows-x86_64, r-patched-linux-x86_64, r-release-linux-x86_64, r-release-macos-arm64, r-release-macos-x86_64, r-release-windows-x86_64, r-oldrel-macos-arm64, r-oldrel-macos-x86_64, r-oldrel-windows-ix86+x86_64

Version: 0.2.3
Check: Rd cross-references
Result: NOTE
    Undeclared package ‘distrEx’ in Rd xrefs
Flavor: r-devel-linux-x86_64-fedora-clang