CRAN Package Check Results for Package statnet

Last updated on 2022-10-07 09:51:59 CEST.

Flavor Version Tinstall Tcheck Ttotal Status Flags
r-devel-linux-x86_64-debian-clang 2019.6 9.70 243.84 253.54 NOTE
r-devel-linux-x86_64-debian-gcc 2019.6 9.63 182.46 192.09 NOTE
r-devel-linux-x86_64-fedora-clang 2019.6 325.62 NOTE
r-devel-linux-x86_64-fedora-gcc 2019.6 303.99 NOTE
r-devel-windows-x86_64 2019.6 407.00 418.00 825.00 OK
r-patched-linux-x86_64 2019.6 10.91 228.14 239.05 NOTE
r-release-linux-x86_64 2019.6 10.77 221.56 232.33 NOTE
r-release-macos-arm64 2019.6 98.00 OK
r-release-macos-x86_64 2019.6 216.00 OK
r-release-windows-x86_64 2019.6 777.00 424.00 1201.00 OK
r-oldrel-macos-arm64 2019.6 104.00 OK
r-oldrel-macos-x86_64 2019.6 208.00 OK
r-oldrel-windows-ix86+x86_64 2019.6 168.00 402.00 570.00 OK

Check Details

Version: 2019.6
Check: package dependencies
Result: NOTE
    Package suggested but not available for checking: 'networksis'
Flavors: r-devel-linux-x86_64-debian-clang, r-devel-linux-x86_64-debian-gcc, r-devel-linux-x86_64-fedora-clang, r-devel-linux-x86_64-fedora-gcc, r-patched-linux-x86_64, r-release-linux-x86_64