Last updated on 2019-02-15 20:47:09 CET.
Flavor | Version | Tinstall | Tcheck | Ttotal | Status | Flags |
---|---|---|---|---|---|---|
r-devel-linux-x86_64-debian-clang | 0.1.1 | 1.36 | 27.91 | 29.27 | OK | |
r-devel-linux-x86_64-debian-gcc | 0.1.1 | 1.06 | 22.53 | 23.59 | OK | |
r-devel-linux-x86_64-fedora-clang | 0.1.1 | 35.87 | NOTE | |||
r-devel-linux-x86_64-fedora-gcc | 0.1.1 | 33.25 | NOTE | |||
r-devel-windows-ix86+x86_64 | 0.1.1 | 6.00 | 68.00 | 74.00 | OK | |
r-patched-linux-x86_64 | 0.1.1 | 1.09 | 25.82 | 26.91 | OK | |
r-patched-solaris-x86 | 0.1.1 | 52.80 | NOTE | |||
r-release-linux-x86_64 | 0.1.1 | 1.04 | 26.27 | 27.31 | OK | |
r-release-windows-ix86+x86_64 | 0.1.1 | 3.00 | 67.00 | 70.00 | OK | |
r-release-osx-x86_64 | 0.1.1 | NOTE | ||||
r-oldrel-windows-ix86+x86_64 | 0.1.1 | 6.00 | 81.00 | 87.00 | OK | |
r-oldrel-osx-x86_64 | 0.1.1 | NOTE |
Version: 0.1.1
Check: dependencies in R code
Result: NOTE
Namespaces in Imports field not imported from:
‘dplyr’ ‘ggplot2’ ‘stringr’
All declared Imports should be used.
Flavors: r-devel-linux-x86_64-fedora-clang, r-devel-linux-x86_64-fedora-gcc, r-patched-solaris-x86, r-release-osx-x86_64, r-oldrel-osx-x86_64