CRAN Package Check Results for Package statsDK

Last updated on 2018-05-21 07:47:34 CEST.

Flavor Version Tinstall Tcheck Ttotal Status Flags
r-devel-linux-x86_64-debian-clang 0.1.1 1.06 24.69 25.75 OK
r-devel-linux-x86_64-debian-gcc 0.1.1 0.82 22.56 23.38 OK
r-devel-linux-x86_64-fedora-clang 0.1.1 33.33 NOTE
r-devel-linux-x86_64-fedora-gcc 0.1.1 31.95 NOTE
r-devel-windows-ix86+x86_64 0.1.1 3.00 82.00 85.00 OK
r-patched-linux-x86_64 0.1.1 1.06 25.33 26.39 OK
r-patched-solaris-x86 0.1.1 53.30 NOTE
r-release-linux-x86_64 0.1.1 0.90 25.41 26.31 OK
r-release-windows-ix86+x86_64 0.1.1 3.00 72.00 75.00 OK
r-release-osx-x86_64 0.1.1 NOTE
r-oldrel-windows-ix86+x86_64 0.1.1 3.00 54.00 57.00 OK
r-oldrel-osx-x86_64 0.1.1 NOTE

Check Details

Version: 0.1.1
Check: dependencies in R code
Result: NOTE
    Namespaces in Imports field not imported from:
     ‘dplyr’ ‘ggplot2’ ‘stringr’
     All declared Imports should be used.
Flavors: r-devel-linux-x86_64-fedora-clang, r-devel-linux-x86_64-fedora-gcc, r-patched-solaris-x86, r-release-osx-x86_64, r-oldrel-osx-x86_64