CRAN Package Check Results for Package statsDK

Last updated on 2018-08-21 08:49:15 CEST.

Flavor Version Tinstall Tcheck Ttotal Status Flags
r-devel-linux-x86_64-debian-clang 0.1.1 1.16 28.52 29.68 OK
r-devel-linux-x86_64-debian-gcc 0.1.1 0.96 22.74 23.70 OK
r-devel-linux-x86_64-fedora-clang 0.1.1 35.43 NOTE
r-devel-linux-x86_64-fedora-gcc 0.1.1 34.86 NOTE
r-devel-windows-ix86+x86_64 0.1.1 4.00 77.00 81.00 OK
r-patched-linux-x86_64 0.1.1 0.91 25.51 26.42 OK
r-patched-solaris-x86 0.1.1 54.00 NOTE
r-release-linux-x86_64 0.1.1 1.06 25.21 26.27 OK
r-release-windows-ix86+x86_64 0.1.1 5.00 55.00 60.00 OK
r-release-osx-x86_64 0.1.1 NOTE
r-oldrel-windows-ix86+x86_64 0.1.1 3.00 71.00 74.00 OK
r-oldrel-osx-x86_64 0.1.1 NOTE

Check Details

Version: 0.1.1
Check: dependencies in R code
Result: NOTE
    Namespaces in Imports field not imported from:
     ‘dplyr’ ‘ggplot2’ ‘stringr’
     All declared Imports should be used.
Flavors: r-devel-linux-x86_64-fedora-clang, r-devel-linux-x86_64-fedora-gcc, r-patched-solaris-x86, r-release-osx-x86_64, r-oldrel-osx-x86_64