CRAN Package Check Results for Package statsDK

Last updated on 2018-11-15 06:47:41 CET.

Flavor Version Tinstall Tcheck Ttotal Status Flags
r-devel-linux-x86_64-debian-clang 0.1.1 1.11 29.05 30.16 OK
r-devel-linux-x86_64-debian-gcc 0.1.1 0.96 22.85 23.81 OK
r-devel-linux-x86_64-fedora-clang 0.1.1 34.79 NOTE
r-devel-linux-x86_64-fedora-gcc 0.1.1 34.05 NOTE
r-devel-windows-ix86+x86_64 0.1.1 3.00 56.00 59.00 OK
r-patched-linux-x86_64 0.1.1 0.96 25.65 26.61 OK
r-patched-solaris-x86 0.1.1 54.50 NOTE
r-release-linux-x86_64 0.1.1 0.98 25.98 26.96 OK
r-release-windows-ix86+x86_64 0.1.1 5.00 61.00 66.00 OK
r-release-osx-x86_64 0.1.1 NOTE
r-oldrel-windows-ix86+x86_64 0.1.1 4.00 71.00 75.00 OK
r-oldrel-osx-x86_64 0.1.1 NOTE

Check Details

Version: 0.1.1
Check: dependencies in R code
Result: NOTE
    Namespaces in Imports field not imported from:
     ‘dplyr’ ‘ggplot2’ ‘stringr’
     All declared Imports should be used.
Flavors: r-devel-linux-x86_64-fedora-clang, r-devel-linux-x86_64-fedora-gcc, r-patched-solaris-x86, r-release-osx-x86_64, r-oldrel-osx-x86_64