CRAN Package Check Results for Package statsDK

Last updated on 2018-02-24 02:51:04 CET.

Flavor Version Tinstall Tcheck Ttotal Status Flags
r-devel-linux-x86_64-debian-clang 0.1.1 0.95 25.68 26.63 OK
r-devel-linux-x86_64-debian-gcc 0.1.1 0.78 20.69 21.47 OK
r-devel-linux-x86_64-fedora-clang 0.1.1 32.10 NOTE
r-devel-linux-x86_64-fedora-gcc 0.1.1 30.07 NOTE
r-devel-windows-ix86+x86_64 0.1.1 3.00 68.00 71.00 OK
r-patched-linux-x86_64 0.1.1 0.72 31.37 32.09 OK
r-patched-solaris-x86 0.1.1 51.80 NOTE
r-release-linux-x86_64 0.1.1 0.57 31.19 31.76 OK
r-release-windows-ix86+x86_64 0.1.1 5.00 68.00 73.00 OK
r-release-osx-x86_64 0.1.1 NOTE
r-oldrel-windows-ix86+x86_64 0.1.1 3.00 47.00 50.00 OK
r-oldrel-osx-x86_64 0.1.1 NOTE

Check Details

Version: 0.1.1
Check: dependencies in R code
Result: NOTE
    Namespaces in Imports field not imported from:
     ‘dplyr’ ‘ggplot2’ ‘stringr’
     All declared Imports should be used.
Flavors: r-devel-linux-x86_64-fedora-clang, r-devel-linux-x86_64-fedora-gcc, r-patched-solaris-x86, r-release-osx-x86_64, r-oldrel-osx-x86_64